Apr 7 05:24:22 grainservice sendmail[81446]: l375OGW81446: ruleset=check_relay, arg1=n220246078167.netvigator.com, arg2=220.246.78.167, relay=n220246078167.netvigator.com [220.246.78.167], reject=550 5.7.1 Mail from 220.246.78.167 refused by blackhole site spamhaus-rbl.core.registeredsite.com
Apr 7 05:24:23 grainservice sendmail[81446]: NOQUEUE: n220246078167.netvigator.com [220.246.78.167] did not issue MAIL/EXPN/VRFY/ETRN during connection to MTA
Apr 7 05:30:11 grainservice sendmail[82552]: l375UBW82552: SYSERR: putoutmsg (175.93.84.58.dynamic.vic.chariot.net.au): error on output channel sending "220 grainservice.com ESMTP Sendmail 8.11.6/8.11.0; Sat, 7 Apr 2007 05:30:11 GMT": Broken pipe
Apr 7 05:30:11 grainservice sendmail[82552]: NOQUEUE: root@localhost did not issue MAIL/EXPN/VRFY/ETRN during connection to MTA
Apr 7 05:31:16 grainservice sendmail[82771]: l375VGW82771: SYSERR: putoutmsg (175.93.84.58.dynamic.vic.chariot.net.au): error on output channel sending "220 grainservice.com ESMTP Sendmail 8.11.6/8.11.0; Sat, 7 Apr 2007 05:31:16 GMT": Broken pipe
Apr 7 05:31:16 grainservice sendmail[82771]: NOQUEUE: root@localhost did not issue MAIL/EXPN/VRFY/ETRN during connection to MTA
Apr 7 05:32:25 grainservice sendmail[82880]: NOQUEUE: 175.93.84.58.dynamic.vic.chariot.net.au [58.84.93.175] did not issue MAIL/EXPN/VRFY/ETRN during connection to MTA
Apr 7 05:33:09 grainservice sendmail[82833]: l36JQrW67312: to=, delay=10:06:16, xdelay=00:01:15, mailer=esmtp, pri=1941439, relay=enceladus.aac.brasiltelecom.net.br. [200.96.255.21], dsn=4.0.0, stat=Deferred: Operation timed out with enceladus.aac.brasiltelecom.net.br.
Apr 7 05:34:24 grainservice sendmail[82833]: l36G22W11186: to=, delay=13:32:22, xdelay=00:01:15, mailer=esmtp, pri=2461096, relay=163data.com.cn.com. [213.146.149.160], dsn=4.0.0, stat=Deferred: Operation timed out with 163data.com.cn.com.
Apr 7 05:34:24 grainservice sendmail[82833]: l35EX6W66322: to=, delay=1+15:01:18, xdelay=00:00:00, mailer=esmtp, pri=7051150, relay=com.br.com. [204.13.160.29], dsn=4.0.0, stat=Deferred: Connection refused by com.br.com.
Apr 7 05:34:24 grainservice sendmail[82833]: l35ATZW12740: to=, delay=1+19:04:49, xdelay=00:00:00, mailer=esmtp, pri=7879313, relay=163data.com.cn.com., dsn=4.0.0, stat=Deferred: Operation timed out with 163data.com.cn.com.
Apr 7 05:34:29 grainservice sendmail[73273]: l374YQW73273: timeout waiting for input from 220-142-14-71.dynamic.hinet.net during message collect
Apr 7 05:34:29 grainservice sendmail[73273]: l374YQW73273: from=, size=0, class=0, nrcpts=1, msgid=<200704070434.l374YQW73273@grainservice.com>, proto=SMTP, daemon=MTA, relay=ynofcv@220-142-14-71.dynamic.hinet.net [220.142.14.71]
Apr 7 05:34:29 grainservice sendmail[73273]: l374YQW73273: to=, delay=01:00:01, pri=30000, stat=timeout waiting for input during message collect
Apr 7 05:34:36 grainservice sendmail[82833]: l355XGW57432: to=, delay=2+00:01:20, xdelay=00:00:12, mailer=esmtp, pri=8671708, relay=nationinvestments.com. [66.199.246.164], dsn=4.0.0, stat=Deferred: nationinvestments.com.: No route to host
Apr 7 05:38:22 grainservice sendmail[82833]: l34G5YW66031: to=, delay=2+13:32:48, xdelay=00:03:46, mailer=esmtp, pri=11102273, relay=vip.0733.com. [61.187.98.7], dsn=4.0.0, stat=Deferred: Operation timed out with vip.0733.com.
Apr 7 05:40:07 grainservice sendmail[84015]: l375e2W84015: ruleset=check_relay, arg1=68-118-244-43.dhcp.oxfr.ma.charter.com, arg2=68.118.244.43, relay=68-118-244-43.dhcp.oxfr.ma.charter.com [68.118.244.43], reject=550 5.7.1 Mail from 68.118.244.43 refused by blackhole site spamhaus-rbl.core.registeredsite.com
Apr 7 05:40:07 grainservice sendmail[84015]: NOQUEUE: 68-118-244-43.dhcp.oxfr.ma.charter.com [68.118.244.43] did not issue MAIL/EXPN/VRFY/ETRN during connection to MTA
Apr 7 05:40:52 grainservice sendmail[82833]: l3410IW86806: to=, delay=3+04:40:34, xdelay=00:02:30, mailer=esmtp, pri=13802460, relay=gp0.pegasusnt.net. [216.95.218.173], dsn=4.0.0, stat=Deferred: Operation timed out with gp0.pegasusnt.net.
Apr 7 05:41:46 grainservice sendmail[84230]: l375feW84230: from=, size=22535, class=0, nrcpts=1, msgid=<000b01c778d7$6ba2ed90$0501a8c0@tm.net.my>, proto=ESMTP, daemon=MTA, relay=tm.net.my [60.50.146.183] (may be forged)
Apr 7 05:41:53 grainservice sendmail[84239]: l375feW84230: to="|exec /usr/local/bin/procmail || exit 75", ctladdr=mward (1002/1002), delay=00:00:12, xdelay=00:00:07, mailer=prog, pri=82051, dsn=2.0.0, stat=Sent
Apr 7 05:41:53 grainservice sendmail[84239]: l375feW84230: to=root, delay=00:00:12, xdelay=00:00:00, mailer=local, pri=82051, relay=local, dsn=2.0.0, stat=Sent
Apr 7 05:42:07 grainservice sendmail[82833]: l33NVbX59097: to=, delay=3+06:10:28, xdelay=00:01:15, mailer=esmtp, pri=14079530, relay=com.cn.com. [213.146.149.160], dsn=4.0.0, stat=Deferred: Operation timed out with com.cn.com.
Apr 7 05:43:22 grainservice sendmail[82833]: l330fOW32003: to=, delay=4+05:01:58, xdelay=00:01:15, mailer=esmtp, pri=18222432, relay=primail.263.com. [211.100.28.126], dsn=4.0.0, stat=Deferred: Operation timed out with primail.263.com.
Apr 7 05:44:19 grainservice sendmail[84488]: l375iIW84488: from=, size=4548, class=0, nrcpts=1, msgid=<200704070144.808@dingy.goldtrees.net>, proto=SMTP, daemon=MTA, relay=b.mx.goldtrees.net [66.97.168.67]
Apr 7 05:44:23 grainservice sendmail[84489]: l375iIW84488: to="|exec /usr/local/bin/procmail || exit 75", ctladdr= (1038/1038), delay=00:00:05, xdelay=00:00:04, mailer=prog, pri=34260, dsn=2.0.0, stat=Sent
Apr 7 05:44:38 grainservice sendmail[82833]: l32AxaW26881: to=, delay=4+18:45:02, xdelay=00:01:15, mailer=esmtp, pri=20755492, relay=euwest.biz.com. [65.116.138.236], dsn=4.0.0, stat=Deferred: Operation timed out with euwest.biz.com.
Apr 7 05:45:20 grainservice sendmail[84557]: l375jFW84557: ruleset=check_relay, arg1=[61.183.22.137], arg2=61.183.22.137, relay=[61.183.22.137], reject=550 5.7.1 Mail from 61.183.22.137 refused by blackhole site spamhaus-rbl.core.registeredsite.com
Apr 7 05:45:20 grainservice sendmail[84557]: NOQUEUE: [61.183.22.137] did not issue MAIL/EXPN/VRFY/ETRN during connection to MTA
Apr 7 05:45:31 grainservice sendmail[84758]: l375jSW84758: from=, size=21065, class=0, nrcpts=1, msgid=<001001c7791a$f5fc9430$0019c66c@Aez11>, proto=SMTP, daemon=MTA, relay=37.228.95.219.jb01-home.tm.net.my [219.95.228.37]
Apr 7 05:45:31 grainservice sendmail[84766]: l375jSW84758: forward /usr/home/ashmead/.forward.grainservice+: World writable directory
Apr 7 05:45:31 grainservice sendmail[84766]: l375jSW84758: forward /usr/home/ashmead/.forward+: World writable directory
Apr 7 05:45:31 grainservice sendmail[84766]: l375jSW84758: forward /usr/home/ashmead/.forward.grainservice: World writable directory
Apr 7 05:45:31 grainservice sendmail[84766]: l375jSW84758: forward /usr/home/ashmead/.forward: World writable directory
Apr 7 05:45:32 grainservice sendmail[84766]: l375jSW84758: to=, delay=00:00:03, xdelay=00:00:01, mailer=local, pri=50350, relay=local, dsn=2.0.0, stat=Sent
Apr 7 05:48:01 grainservice sendmail[85100]: l375m0W85100: from=, size=754, class=0, nrcpts=1, msgid=<001301c7791b$2e4af250$0079817c@MICROSOFE6B20B>, proto=SMTP, daemon=MTA, relay=[125.33.99.52]
Apr 7 05:48:02 grainservice sendmail[85104]: l375m0W85100: forward /usr/home/ashmead/.forward.grainservice+: World writable directory
Apr 7 05:48:02 grainservice sendmail[85104]: l375m0W85100: forward /usr/home/ashmead/.forward+: World writable directory
Apr 7 05:48:02 grainservice sendmail[85104]: l375m0W85100: forward /usr/home/ashmead/.forward.grainservice: World writable directory
Apr 7 05:48:02 grainservice sendmail[85104]: l375m0W85100: forward /usr/home/ashmead/.forward: World writable directory
Apr 7 05:48:02 grainservice sendmail[85104]: l375m0W85100: to=, delay=00:00:01, xdelay=00:00:00, mailer=local, pri=30233, relay=local, dsn=2.0.0, stat=Sent
Apr 7 05:48:06 grainservice sendmail[85102]: l375m1W85102: ruleset=check_relay, arg1=[221.195.65.19], arg2=221.195.65.19, relay=[221.195.65.19], reject=550 5.7.1 Mail from 221.195.65.19 refused by blackhole site spamhaus-rbl.core.registeredsite.com
Apr 7 05:48:08 grainservice sendmail[85102]: NOQUEUE: [221.195.65.19] did not issue MAIL/EXPN/VRFY/ETRN during connection to MTA
Apr 7 05:48:15 grainservice sendmail[85123]: l375mFW85123: ruleset=check_relay, arg1=[221.195.65.19], arg2=221.195.65.19, relay=root@localhost, reject=550 5.7.1 Mail from 221.195.65.19 refused by blackhole site spamhaus-rbl.core.registeredsite.com
Apr 7 05:48:15 grainservice sendmail[85123]: l375mFW85123: SYSERR: putoutmsg ([221.195.65.19]): error on output channel sending "220 grainservice.com ESMTP Sendmail 8.11.6/8.11.0; Sat, 7 Apr 2007 05:48:15 GMT": Broken pipe
Apr 7 05:48:15 grainservice sendmail[85123]: NOQUEUE: root@localhost did not issue MAIL/EXPN/VRFY/ETRN during connection to MTA
Apr 7 05:49:56 grainservice sendmail[85306]: l375nuW85306: from=, size=726, class=0, nrcpts=1, msgid=<000f01c778e9$736488b0$065813d4@cybertron>, proto=SMTP, daemon=MTA, relay=p57A2FDC6.dip.t-dialin.net [87.162.253.198]
Apr 7 05:49:56 grainservice sendmail[85307]: l375nuW85306: forward /usr/home/ashmead/.forward.grainservice+: World writable directory
Apr 7 05:49:56 grainservice sendmail[85307]: l375nuW85306: forward /usr/home/ashmead/.forward+: World writable directory
Apr 7 05:49:56 grainservice sendmail[85307]: l375nuW85306: forward /usr/home/ashmead/.forward.grainservice: World writable directory
Apr 7 05:49:56 grainservice sendmail[85307]: l375nuW85306: forward /usr/home/ashmead/.forward: World writable directory
Apr 7 05:49:56 grainservice sendmail[85307]: l375nuW85306: to=, delay=00:00:00, xdelay=00:00:00, mailer=local, pri=30216, relay=local, dsn=2.0.0, stat=Sent
Apr 7 05:49:57 grainservice sendmail[85309]: l375nvW85309: ruleset=check_relay, arg1=cpe-024-074-058-137.carolina.res.rr.com, arg2=24.74.58.137, relay=cpe-024-074-058-137.carolina.res.rr.com [24.74.58.137], reject=550 5.7.1 Mail from 24.74.58.137 refused by blackhole site spamhaus-rbl.core.registeredsite.com
Apr 7 05:49:58 grainservice sendmail[85309]: NOQUEUE: cpe-024-074-058-137.carolina.res.rr.com [24.74.58.137] did not issue MAIL/EXPN/VRFY/ETRN during connection to MTA
Apr 7 05:53:24 grainservice sendmail[85849]: l375rNW85849: from=, size=1594, class=0, nrcpts=1, msgid=<8DA5FC1D430059A.26AEDD599C@t-dialin.net>, proto=ESMTP, daemon=MTA, relay=p549DD015.dip.t-dialin.net [84.157.208.21]
Apr 7 05:53:24 grainservice sendmail[85851]: l375rNW85849: to=magnoli503@aol.com, delay=00:00:01, xdelay=00:00:00, mailer=esmtp, pri=31146, relay=mailin-04.mx.aol.com. [205.188.156.249], dsn=5.0.0, stat=Service unavailable
Apr 7 05:53:24 grainservice sendmail[85851]: l375rNW85849: l375rOW85851: DSN: Service unavailable
Apr 7 05:53:26 grainservice sendmail[85851]: l375rOW85851: to=, delay=00:00:02, xdelay=00:00:02, mailer=esmtp, pri=31246, relay=rx.t-online.de. [194.25.134.167], dsn=5.1.1, stat=User unknown
Apr 7 05:53:26 grainservice sendmail[85851]: l375rOW85851: l375rOX85851: return to sender: User unknown
Apr 7 05:53:26 grainservice sendmail[85851]: l375rOX85851: to=root, delay=00:00:00, xdelay=00:00:00, mailer=local, pri=31346, relay=local, dsn=2.0.0, stat=Sent
Apr 7 05:55:29 grainservice sendmail[86182]: l375tTW86182: ruleset=check_mail, arg1=, relay=dsl.static.85-105-48033.ttnet.net.tr [85.105.187.161] (may be forged), reject=501 5.1.8 Domain of sender address pjdylsl@net.tr does not exist
Apr 7 05:55:29 grainservice sendmail[86182]: l375tTW86182: from=, size=0, class=0, nrcpts=0, proto=ESMTP, daemon=MTA, relay=dsl.static.85-105-48033.ttnet.net.tr [85.105.187.161] (may be forged)
Apr 7 05:55:31 grainservice sendmail[86185]: l375tVW86185: ruleset=check_mail, arg1=, relay=dsl.static.85-105-48033.ttnet.net.tr [85.105.187.161] (may be forged), reject=501 5.1.8 Domain of sender address nmfyoyj@net.tr does not exist
Apr 7 05:55:31 grainservice sendmail[86185]: l375tVW86185: from=, size=0, class=0, nrcpts=0, proto=ESMTP, daemon=MTA, relay=dsl.static.85-105-48033.ttnet.net.tr [85.105.187.161] (may be forged)
Apr 7 05:56:13 grainservice sendmail[86289]: l375u8W86289: from=, size=748, class=0, nrcpts=1, msgid=<000f01c778ea$2f287750$0663883c@wave>, proto=SMTP, daemon=MTA, relay=egr102.neoplus.adsl.tpnet.pl [83.21.81.102]
Apr 7 05:56:14 grainservice sendmail[86297]: l375u8W86289: to=magnoli503@aol.com, delay=00:00:05, xdelay=00:00:01, mailer=esmtp, pri=30240, relay=mailin-04.mx.aol.com. [205.188.159.217], dsn=5.0.0, stat=Service unavailable
Apr 7 05:56:14 grainservice sendmail[86297]: l375u8W86289: l375uEW86297: DSN: Service unavailable
Apr 7 05:56:56 grainservice sendmail[86407]: NOQUEUE: [65.119.189.2] did not issue MAIL/EXPN/VRFY/ETRN during connection to MTA
Apr 7 05:57:29 grainservice sendmail[86297]: l375uEW86297: to=, delay=00:01:15, xdelay=00:01:15, mailer=esmtp, pri=30340, relay=mail.emailpinoy.com. [71.160.156.67], dsn=4.0.0, stat=Deferred: Operation timed out with mail.emailpinoy.com.
Apr 7 05:57:47 grainservice sendmail[86493]: l375vkW86493: ruleset=check_relay, arg1=www154.asd.tj.cn, arg2=61.181.252.154, relay=www154.asd.tj.cn [61.181.252.154] (may be forged), reject=550 5.7.1 Mail from 61.181.252.154 refused by blackhole site spamhaus-rbl.core.registeredsite.com
Apr 7 05:57:48 grainservice sendmail[86493]: NOQUEUE: www154.asd.tj.cn [61.181.252.154] (may be forged) did not issue MAIL/EXPN/VRFY/ETRN during connection to MTA
Apr 7 05:58:52 grainservice sendmail[86616]: l375wpW86616: from=, size=25863, class=0, nrcpts=1, msgid=<000001c778d8$c6631600$0100007f@mustafa>, proto=ESMTP, daemon=MTA, relay=[88.224.168.164]
Apr 7 05:58:52 grainservice sendmail[86622]: l375wpW86616: forward /usr/home/ashmead/.forward.grainservice+: World writable directory
Apr 7 05:58:52 grainservice sendmail[86622]: l375wpW86616: forward /usr/home/ashmead/.forward+: World writable directory
Apr 7 05:58:52 grainservice sendmail[86622]: l375wpW86616: forward /usr/home/ashmead/.forward.grainservice: World writable directory
Apr 7 05:58:52 grainservice sendmail[86622]: l375wpW86616: forward /usr/home/ashmead/.forward: World writable directory
Apr 7 05:58:52 grainservice sendmail[86622]: l375wpW86616: to=ashmead, delay=00:00:01, xdelay=00:00:00, mailer=local, pri=55384, relay=local, dsn=2.0.0, stat=Sent
Apr 7 06:00:47 grainservice sendmail[87129]: l3760OW87129: collect: premature EOM: Undefined error: 0
Apr 7 06:00:47 grainservice sendmail[87129]: l3760OW87129: collect: unexpected close on connection from 220-139-179-182.dynamic.hinet.net, sender=: Undefined error: 0
Apr 7 06:00:47 grainservice sendmail[87129]: l3760OW87129: from=, size=0, class=0, nrcpts=1, proto=ESMTP, daemon=MTA, relay=220-139-179-182.dynamic.hinet.net [220.139.179.182]
Apr 7 06:01:45 grainservice sendmail[87338]: l3761jW87338: ruleset=check_relay, arg1=bzq-88-155-50-71.red.bezeqint.net, arg2=88.155.50.71, relay=bzq-88-155-50-71.red.bezeqint.net [88.155.50.71], reject=550 5.7.1 Mail from 88.155.50.71 refused by blackhole site spamhaus-rbl.core.registeredsite.com
Apr 7 06:01:45 grainservice sendmail[87338]: NOQUEUE: bzq-88-155-50-71.red.bezeqint.net [88.155.50.71] did not issue MAIL/EXPN/VRFY/ETRN during connection to MTA
Apr 7 06:03:08 grainservice sendmail[87361]: l375uEW86297: to=, delay=00:06:54, xdelay=00:01:15, mailer=esmtp, pri=120340, relay=mail.emailpinoy.com. [71.160.156.67], dsn=4.0.0, stat=Deferred: Operation timed out with mail.emailpinoy.com.
Apr 7 06:04:24 grainservice sendmail[87361]: l36JQrW67312: to=, delay=10:37:31, xdelay=00:01:16, mailer=esmtp, pri=2031439, relay=enceladus.aac.brasiltelecom.net.br. [200.96.255.21], dsn=4.0.0, stat=Deferred: Operation timed out with enceladus.aac.brasiltelecom.net.br.
Apr 7 06:05:39 grainservice sendmail[87361]: l36G22W11186: to=, delay=14:03:37, xdelay=00:01:15, mailer=esmtp, pri=2551096, relay=163data.com.cn.com. [213.146.149.160], dsn=4.0.0, stat=Deferred: Operation timed out with 163data.com.cn.com.
Apr 7 06:05:39 grainservice sendmail[87361]: l35EX6W66322: to=, delay=1+15:32:33, xdelay=00:00:00, mailer=esmtp, pri=7141150, relay=com.br.com. [204.13.160.29], dsn=4.0.0, stat=Deferred: Connection refused by com.br.com.
Apr 7 06:05:39 grainservice sendmail[87361]: l35ATZW12740: to=, delay=1+19:36:04, xdelay=00:00:00, mailer=esmtp, pri=7969313, relay=163data.com.cn.com., dsn=4.0.0, stat=Deferred: Operation timed out with 163data.com.cn.com.
Apr 7 06:05:51 grainservice sendmail[87361]: l355XGW57432: to=, delay=2+00:32:35, xdelay=00:00:12, mailer=esmtp, pri=8761708, relay=nationinvestments.com. [66.199.246.164], dsn=4.0.0, stat=Deferred: nationinvestments.com.: No route to host
Apr 7 06:06:19 grainservice sendmail[6261]: NOQUEUE: SYSERR(root): getrequests: accept: Software caused connection abort
Apr 7 06:06:19 grainservice sendmail[6261]: accepting connections again for daemon MTA
Apr 7 06:07:24 grainservice sendmail[88074]: l3767JW88074: ruleset=check_relay, arg1=cpe-75-85-43-59.socal.res.rr.com, arg2=75.85.43.59, relay=cpe-75-85-43-59.socal.res.rr.com [75.85.43.59], reject=550 5.7.1 Mail from 75.85.43.59 refused by blackhole site spamhaus-rbl.core.registeredsite.com
Apr 7 06:07:24 grainservice sendmail[88074]: NOQUEUE: cpe-75-85-43-59.socal.res.rr.com [75.85.43.59] did not issue MAIL/EXPN/VRFY/ETRN during connection to MTA
Apr 7 06:08:56 grainservice sendmail[6261]: NOQUEUE: SYSERR(root): getrequests: accept: Software caused connection abort
Apr 7 06:08:56 grainservice sendmail[6261]: accepting connections again for daemon MTA
Apr 7 06:09:37 grainservice sendmail[87361]: l34G5YW66031: to=, delay=2+14:04:03, xdelay=00:03:46, mailer=esmtp, pri=11192273, relay=vip.0733.com. [61.187.98.7], dsn=4.0.0, stat=Deferred: Operation timed out with vip.0733.com.
Apr 7 06:10:02 grainservice sendmail[88426]: l3769vW88426: from=, size=2263, class=0, nrcpts=1, msgid=<89fd01c778d9$6f3e3111$d57b8de7@yahoo.com>, proto=SMTP, daemon=MTA, relay=ppp-124.120.65.65.revip2.asianet.co.th [124.120.65.65]
Apr 7 06:10:10 grainservice sendmail[88571]: l3769vW88426: to="|exec /usr/local/bin/procmail || exit 75", ctladdr= (1004/1004), delay=00:00:11, xdelay=00:00:08, mailer=prog, pri=31715, dsn=2.0.0, stat=Sent
Apr 7 06:10:21 grainservice sendmail[6261]: NOQUEUE: SYSERR(root): getrequests: accept: Software caused connection abort
Apr 7 06:10:21 grainservice sendmail[6261]: accepting connections again for daemon MTA
Apr 7 06:12:07 grainservice sendmail[87361]: l3410IW86806: to=, delay=3+05:11:49, xdelay=00:02:30, mailer=esmtp, pri=13892460, relay=gp0.pegasusnt.net. [216.95.218.173], dsn=4.0.0, stat=Deferred: Operation timed out with gp0.pegasusnt.net.
Apr 7 06:12:20 grainservice sendmail[88916]: l376CKW88916: ruleset=check_relay, arg1=c-76-103-13-24.hsd1.ca.comcast.net, arg2=76.103.13.24, relay=c-76-103-13-24.hsd1.ca.comcast.net [76.103.13.24], reject=550 5.7.1 Mail from 76.103.13.24 refused by blackhole site spamhaus-rbl.core.registeredsite.com
Apr 7 06:12:22 grainservice sendmail[88916]: NOQUEUE: c-76-103-13-24.hsd1.ca.comcast.net [76.103.13.24] did not issue MAIL/EXPN/VRFY/ETRN during connection to MTA
Apr 7 06:12:22 grainservice sendmail[88920]: l376CMW88920: ruleset=check_relay, arg1=cpe-065-184-083-197.ec.res.rr.com, arg2=65.184.83.197, relay=cpe-065-184-083-197.ec.res.rr.com [65.184.83.197], reject=550 5.7.1 Mail from 65.184.83.197 refused by blackhole site spamhaus-rbl.core.registeredsite.com
Apr 7 06:12:24 grainservice sendmail[88920]: NOQUEUE: cpe-065-184-083-197.ec.res.rr.com [65.184.83.197] did not issue MAIL/EXPN/VRFY/ETRN during connection to MTA
Apr 7 06:12:30 grainservice sendmail[88939]: l376CUW88939: ruleset=check_relay, arg1=[89.137.220.185], arg2=89.137.220.185, relay=[89.137.220.185], reject=550 5.7.1 Mail from 89.137.220.185 refused by blackhole site spamhaus-rbl.core.registeredsite.com
Apr 7 06:12:30 grainservice sendmail[88939]: NOQUEUE: [89.137.220.185] did not issue MAIL/EXPN/VRFY/ETRN during connection to MTA
Apr 7 06:12:46 grainservice sendmail[88971]: l376CkW88971: ruleset=check_relay, arg1=74-137-167-22.dhcp.insightbb.com, arg2=74.137.167.22, relay=74-137-167-22.dhcp.insightbb.com [74.137.167.22], reject=550 5.7.1 Mail from 74.137.167.22 refused by blackhole site spamhaus-rbl.core.registeredsite.com
Apr 7 06:12:48 grainservice sendmail[88971]: NOQUEUE: 74-137-167-22.dhcp.insightbb.com [74.137.167.22] did not issue MAIL/EXPN/VRFY/ETRN during connection to MTA
Apr 7 06:13:01 grainservice sendmail[88996]: l376D1W88996: ruleset=check_relay, arg1=24-196-195-175.dhcp.hckr.nc.charter.com, arg2=24.196.195.175, relay=24-196-195-175.dhcp.hckr.nc.charter.com [24.196.195.175], reject=550 5.7.1 Mail from 24.196.195.175 refused by blackhole site spamhaus-rbl.core.registeredsite.com
Apr 7 06:13:03 grainservice sendmail[88996]: NOQUEUE: 24-196-195-175.dhcp.hckr.nc.charter.com [24.196.195.175] did not issue MAIL/EXPN/VRFY/ETRN during connection to MTA
Apr 7 06:13:06 grainservice sendmail[89004]: l376D6W89004: ruleset=check_relay, arg1=71-14-74-90.dhcp.stls.mo.charter.com, arg2=71.14.74.90, relay=71-14-74-90.dhcp.stls.mo.charter.com [71.14.74.90], reject=550 5.7.1 Mail from 71.14.74.90 refused by blackhole site spamhaus-rbl.core.registeredsite.com
Apr 7 06:13:08 grainservice sendmail[89004]: NOQUEUE: 71-14-74-90.dhcp.stls.mo.charter.com [71.14.74.90] did not issue MAIL/EXPN/VRFY/ETRN during connection to MTA
Apr 7 06:13:22 grainservice sendmail[87361]: l33NVbX59097: to=, delay=3+06:41:43, xdelay=00:01:15, mailer=esmtp, pri=14169530, relay=com.cn.com. [213.146.149.160], dsn=4.0.0, stat=Deferred: Operation timed out with com.cn.com.
Apr 7 06:13:23 grainservice sendmail[89027]: l376DJW89027: from=, size=25849, class=0, nrcpts=1, msgid=<000001c778db$d9c3b080$0100007f@cworld-05>, proto=ESMTP, daemon=MTA, relay=ABTS-KK-Dynamic-149.47.167.122.airtelbroadband.in [122.167.47.149] (may be forged)
Apr 7 06:13:23 grainservice sendmail[89031]: l376DJW89027: to=magnoli503@aol.com, delay=00:00:03, xdelay=00:00:00, mailer=esmtp, pri=55384, relay=mailin-04.mx.aol.com. [64.12.138.88], dsn=5.0.0, stat=Service unavailable
Apr 7 06:13:23 grainservice sendmail[89031]: l376DJW89027: l376DNW89031: DSN: Service unavailable
Apr 7 06:13:25 grainservice sendmail[89031]: l376DNW89031: to=, delay=00:00:02, xdelay=00:00:02, mailer=esmtp, pri=55484, relay=uk2mxarray3.uk2.net. [83.170.64.212], dsn=5.1.1, stat=User unknown
Apr 7 06:13:25 grainservice sendmail[89031]: l376DNW89031: l376DNX89031: return to sender: User unknown
Apr 7 06:13:25 grainservice sendmail[89031]: l376DNX89031: to=root, delay=00:00:00, xdelay=00:00:00, mailer=local, pri=55584, relay=local, dsn=2.0.0, stat=Sent
Apr 7 06:13:54 grainservice sendmail[89097]: l376DsW89097: ruleset=check_relay, arg1=pool-70-17-166-204.pitt.east.verizon.net, arg2=70.17.166.204, relay=pool-70-17-166-204.pitt.east.verizon.net [70.17.166.204], reject=550 5.7.1 Mail from 70.17.166.204 refused by blackhole site spamhaus-rbl.core.registeredsite.com
Apr 7 06:13:56 grainservice sendmail[89097]: NOQUEUE: pool-70-17-166-204.pitt.east.verizon.net [70.17.166.204] did not issue MAIL/EXPN/VRFY/ETRN during connection to MTA
Apr 7 06:14:38 grainservice sendmail[87361]: l330fOW32003: to=, delay=4+05:33:14, xdelay=00:01:15, mailer=esmtp, pri=18312432, relay=primail.263.com. [211.100.28.126], dsn=4.0.0, stat=Deferred: Operation timed out with primail.263.com.
Apr 7 06:15:17 grainservice sendmail[89390]: l376FCW89390: ruleset=check_relay, arg1=[98.16.116.149], arg2=98.16.116.149, relay=[98.16.116.149], reject=550 5.7.1 Mail from 98.16.116.149 refused by blackhole site spamhaus-rbl.core.registeredsite.com
Apr 7 06:15:17 grainservice sendmail[89390]: NOQUEUE: [98.16.116.149] did not issue MAIL/EXPN/VRFY/ETRN during connection to MTA
Apr 7 06:15:36 grainservice sendmail[89433]: NOQUEUE: 0x50a459fb.hrnxx4.adsl-dhcp.tele.dk [80.164.89.251] did not issue MAIL/EXPN/VRFY/ETRN during connection to MTA
Apr 7 06:15:47 grainservice sendmail[89457]: l376FkW89457: ruleset=check_relay, arg1=[59.20.237.249], arg2=59.20.237.249, relay=[59.20.237.249], reject=550 5.7.1 Mail from 59.20.237.249 refused by blackhole site spamhaus-rbl.core.registeredsite.com
Apr 7 06:15:47 grainservice sendmail[89457]: NOQUEUE: [59.20.237.249] did not issue MAIL/EXPN/VRFY/ETRN during connection to MTA
Apr 7 06:15:53 grainservice sendmail[87361]: l32AxaW26881: to=, delay=4+19:16:17, xdelay=00:01:15, mailer=esmtp, pri=20845492, relay=euwest.biz.com. [65.116.138.236], dsn=4.0.0, stat=Deferred: Operation timed out with euwest.biz.com.
Apr 7 06:16:01 grainservice sendmail[89510]: l376G1W89510: ruleset=check_relay, arg1=74-132-89-27.dhcp.insightbb.com, arg2=74.132.89.27, relay=74-132-89-27.dhcp.insightbb.com [74.132.89.27], reject=550 5.7.1 Mail from 74.132.89.27 refused by blackhole site spamhaus-rbl.core.registeredsite.com
Apr 7 06:16:01 grainservice sendmail[89510]: NOQUEUE: 74-132-89-27.dhcp.insightbb.com [74.132.89.27] did not issue MAIL/EXPN/VRFY/ETRN during connection to MTA
Apr 7 06:16:26 grainservice sendmail[89540]: l376GMW89540: ruleset=check_relay, arg1=[59.2.110.197], arg2=59.2.110.197, relay=[59.2.110.197], reject=550 5.7.1 Mail from 59.2.110.197 refused by blackhole site spamhaus-rbl.core.registeredsite.com
Apr 7 06:16:26 grainservice sendmail[89540]: NOQUEUE: [59.2.110.197] did not issue MAIL/EXPN/VRFY/ETRN during connection to MTA
Apr 7 06:16:41 grainservice sendmail[89580]: l376GfW89580: ruleset=check_relay, arg1=ip13.dunakanyar.net, arg2=195.56.132.162, relay=ip13.dunakanyar.net [195.56.132.162] (may be forged), reject=550 5.7.1 Mail from 195.56.132.162 refused by blackhole site spamhaus-rbl.core.registeredsite.com
Apr 7 06:16:41 grainservice sendmail[89580]: NOQUEUE: ip13.dunakanyar.net [195.56.132.162] (may be forged) did not issue MAIL/EXPN/VRFY/ETRN during connection to MTA
Apr 7 06:17:35 grainservice sendmail[89644]: l376HUW89644: ruleset=check_relay, arg1=[59.12.252.149], arg2=59.12.252.149, relay=[59.12.252.149], reject=550 5.7.1 Mail from 59.12.252.149 refused by blackhole site spamhaus-rbl.core.registeredsite.com
Apr 7 06:17:35 grainservice sendmail[89644]: NOQUEUE: [59.12.252.149] did not issue MAIL/EXPN/VRFY/ETRN during connection to MTA
Apr 7 06:17:50 grainservice sendmail[89672]: l376HjW89672: ruleset=check_relay, arg1=pool-71-101-98-225.tampfl.dsl-w.verizon.net, arg2=71.101.98.225, relay=pool-71-101-98-225.tampfl.dsl-w.verizon.net [71.101.98.225], reject=550 5.7.1 Mail from 71.101.98.225 refused by blackhole site spamhaus-rbl.core.registeredsite.com
Apr 7 06:17:50 grainservice sendmail[89672]: NOQUEUE: pool-71-101-98-225.tampfl.dsl-w.verizon.net [71.101.98.225] did not issue MAIL/EXPN/VRFY/ETRN during connection to MTA
Apr 7 06:19:56 grainservice sendmail[89890]: l376JlW89890: from=, size=21236, class=0, nrcpts=3, msgid=, proto=SMTP, daemon=MTA, relay=[125.109.141.222]
Apr 7 06:19:56 grainservice sendmail[89900]: l376JlW89890: forward /usr/home/ashmead/.forward.grainservice+: World writable directory
Apr 7 06:19:56 grainservice sendmail[89900]: l376JlW89890: forward /usr/home/ashmead/.forward+: World writable directory
Apr 7 06:19:56 grainservice sendmail[89900]: l376JlW89890: forward /usr/home/ashmead/.forward.grainservice: World writable directory
Apr 7 06:19:56 grainservice sendmail[89900]: l376JlW89890: forward /usr/home/ashmead/.forward: World writable directory
Apr 7 06:19:57 grainservice sendmail[89896]: l376JqW89896: ruleset=check_relay, arg1=[59.93.204.124], arg2=59.93.204.124, relay=[59.93.204.124], reject=550 5.7.1 Mail from 59.93.204.124 refused by blackhole site spamhaus-rbl.core.registeredsite.com
Apr 7 06:19:57 grainservice sendmail[89896]: NOQUEUE: [59.93.204.124] did not issue MAIL/EXPN/VRFY/ETRN during connection to MTA
Apr 7 06:19:58 grainservice sendmail[89917]: l376JwW89917: ruleset=check_relay, arg1=pool-71-104-253-220.lsanca.dsl-w.verizon.net, arg2=71.104.253.220, relay=pool-71-104-253-220.lsanca.dsl-w.verizon.net [71.104.253.220], reject=550 5.7.1 Mail from 71.104.253.220 refused by blackhole site spamhaus-rbl.core.registeredsite.com
Apr 7 06:19:58 grainservice sendmail[89917]: NOQUEUE: pool-71-104-253-220.lsanca.dsl-w.verizon.net [71.104.253.220] did not issue MAIL/EXPN/VRFY/ETRN during connection to MTA
Apr 7 06:20:05 grainservice sendmail[89900]: l376JlW89890: to=magnoli503@aol.com, delay=00:00:16, xdelay=00:00:09, mailer=esmtp, pri=80608, relay=mailin-04.mx.aol.com. [205.188.159.217], dsn=5.0.0, stat=Service unavailable
Apr 7 06:20:05 grainservice sendmail[89900]: l376JlW89890: to=, delay=00:00:16, xdelay=00:00:00, mailer=local, pri=80608, relay=local, dsn=2.0.0, stat=Sent
Apr 7 06:20:05 grainservice sendmail[89900]: l376JlW89890: l376K5W89900: DSN: Service unavailable
Apr 7 06:20:07 grainservice sendmail[89900]: l376K5W89900: to=, delay=00:00:02, xdelay=00:00:02, mailer=esmtp, pri=50708, relay=mail.contaire.de. [85.10.199.38], dsn=5.1.1, stat=User unknown
Apr 7 06:20:07 grainservice sendmail[89900]: l376K5W89900: l376K5X89900: return to sender: User unknown
Apr 7 06:20:07 grainservice sendmail[89900]: l376K5X89900: to=root, delay=00:00:00, xdelay=00:00:00, mailer=local, pri=50808, relay=local, dsn=2.0.0, stat=Sent
Apr 7 06:22:50 grainservice sendmail[90242]: NOQUEUE: [81.181.170.219] did not issue MAIL/EXPN/VRFY/ETRN during connection to MTA
Apr 7 06:23:33 grainservice sendmail[90462]: NOQUEUE: [222.51.241.83] did not issue MAIL/EXPN/VRFY/ETRN during connection to MTA
Apr 7 06:23:33 grainservice sendmail[90464]: l376NXW90464: ruleset=check_relay, arg1=[201.221.241.204], arg2=201.221.241.204, relay=[201.221.241.204], reject=550 5.7.1 Mail from 201.221.241.204 refused by blackhole site spamhaus-rbl.core.registeredsite.com
Apr 7 06:23:37 grainservice sendmail[90464]: NOQUEUE: [201.221.241.204] did not issue MAIL/EXPN/VRFY/ETRN during connection to MTA
Apr 7 06:23:37 grainservice sendmail[90468]: l376NaW90468: ruleset=check_relay, arg1=[218.106.197.244], arg2=218.106.197.244, relay=[218.106.197.244], reject=550 5.7.1 Mail from 218.106.197.244 refused by blackhole site spamhaus-rbl.core.registeredsite.com
Apr 7 06:23:37 grainservice sendmail[90468]: NOQUEUE: [218.106.197.244] did not issue MAIL/EXPN/VRFY/ETRN during connection to MTA
Apr 7 06:23:40 grainservice sendmail[90489]: l376NdW90489: ruleset=check_relay, arg1=p119-241.cmet.net, arg2=200.112.241.119, relay=p119-241.cmet.net [200.112.241.119] (may be forged), reject=550 5.7.1 Mail from 200.112.241.119 refused by blackhole site spamhaus-rbl.core.registeredsite.com
Apr 7 06:23:40 grainservice sendmail[90490]: l376NeW90490: ruleset=check_relay, arg1=[60.190.238.15], arg2=60.190.238.15, relay=[60.190.238.15], reject=550 5.7.1 Mail from 60.190.238.15 refused by blackhole site spamhaus-rbl.core.registeredsite.com
Apr 7 06:23:43 grainservice sendmail[90496]: l376NhW90496: ruleset=check_relay, arg1=[59.22.76.112], arg2=59.22.76.112, relay=[59.22.76.112], reject=550 5.7.1 Mail from 59.22.76.112 refused by blackhole site spamhaus-rbl.core.registeredsite.com
Apr 7 06:23:43 grainservice sendmail[90489]: NOQUEUE: p119-241.cmet.net [200.112.241.119] (may be forged) did not issue MAIL/EXPN/VRFY/ETRN during connection to MTA
Apr 7 06:23:44 grainservice sendmail[90496]: NOQUEUE: [59.22.76.112] did not issue MAIL/EXPN/VRFY/ETRN during connection to MTA
Apr 7 06:23:45 grainservice sendmail[90490]: NOQUEUE: [60.190.238.15] did not issue MAIL/EXPN/VRFY/ETRN during connection to MTA
Apr 7 06:23:51 grainservice sendmail[90503]: l376NkW90503: ruleset=check_relay, arg1=[125.65.81.3], arg2=125.65.81.3, relay=[125.65.81.3], reject=550 5.7.1 Mail from 125.65.81.3 refused by blackhole site spamhaus-rbl.core.registeredsite.com
Apr 7 06:23:51 grainservice sendmail[90512]: l376NpW90512: ruleset=check_relay, arg1=p6030-ipad203aobadori.miyagi.ocn.ne.jp, arg2=122.25.197.30, relay=p6030-ipad203aobadori.miyagi.ocn.ne.jp [122.25.197.30], reject=550 5.7.1 Mail from 122.25.197.30 refused by blackhole site spamhaus-rbl.core.registeredsite.com
Apr 7 06:23:54 grainservice sendmail[90503]: NOQUEUE: [125.65.81.3] did not issue MAIL/EXPN/VRFY/ETRN during connection to MTA
Apr 7 06:23:56 grainservice sendmail[90521]: l376NuW90521: ruleset=check_relay, arg1=[61.48.16.194], arg2=61.48.16.194, relay=[61.48.16.194], reject=550 5.7.1 Mail from 61.48.16.194 refused by blackhole site spamhaus-rbl.core.registeredsite.com
Apr 7 06:23:59 grainservice sendmail[90538]: l376NwW90538: ruleset=check_relay, arg1=24-240-71-31.dhcp.mdsn.wi.charter.com, arg2=24.240.71.31, relay=24-240-71-31.dhcp.mdsn.wi.charter.com [24.240.71.31], reject=550 5.7.1 Mail from 24.240.71.31 refused by blackhole site spamhaus-rbl.core.registeredsite.com
Apr 7 06:23:59 grainservice sendmail[90538]: NOQUEUE: 24-240-71-31.dhcp.mdsn.wi.charter.com [24.240.71.31] did not issue MAIL/EXPN/VRFY/ETRN during connection to MTA
Apr 7 06:24:03 grainservice sendmail[90550]: l376O2W90550: ruleset=check_relay, arg1=232.108.78.125.broad.qz.fj.dynamic.163data.com.cn, arg2=125.78.108.232, relay=232.108.78.125.broad.qz.fj.dynamic.163data.com.cn [125.78.108.232], reject=550 5.7.1 Mail from 125.78.108.232 refused by blackhole site spamhaus-rbl.core.registeredsite.com
Apr 7 06:24:03 grainservice sendmail[90550]: NOQUEUE: 232.108.78.125.broad.qz.fj.dynamic.163data.com.cn [125.78.108.232] did not issue MAIL/EXPN/VRFY/ETRN during connection to MTA
Apr 7 06:24:04 grainservice sendmail[90564]: l376O4W90564: ruleset=check_relay, arg1=201-74-17-103-mu.cpe.vivax.com.br, arg2=201.74.17.103, relay=201-74-17-103-mu.cpe.vivax.com.br [201.74.17.103], reject=550 5.7.1 Mail from 201.74.17.103 refused by blackhole site spamhaus-rbl.core.registeredsite.com
Apr 7 06:24:08 grainservice sendmail[90564]: NOQUEUE: 201-74-17-103-mu.cpe.vivax.com.br [201.74.17.103] did not issue MAIL/EXPN/VRFY/ETRN during connection to MTA
Apr 7 06:24:09 grainservice sendmail[90512]: NOQUEUE: p6030-ipad203aobadori.miyagi.ocn.ne.jp [122.25.197.30] did not issue MAIL/EXPN/VRFY/ETRN during connection to MTA
Apr 7 06:24:12 grainservice sendmail[90574]: l376O7W90574: ruleset=check_relay, arg1=[221.196.60.196], arg2=221.196.60.196, relay=[221.196.60.196], reject=550 5.7.1 Mail from 221.196.60.196 refused by blackhole site spamhaus-rbl.core.registeredsite.com
Apr 7 06:24:14 grainservice sendmail[90575]: l376OEW90575: ruleset=check_relay, arg1=[220.189.243.233], arg2=220.189.243.233, relay=[220.189.243.233], reject=550 5.7.1 Mail from 220.189.243.233 refused by blackhole site spamhaus-rbl.core.registeredsite.com
Apr 7 06:24:15 grainservice sendmail[90574]: NOQUEUE: [221.196.60.196] did not issue MAIL/EXPN/VRFY/ETRN during connection to MTA
Apr 7 06:24:16 grainservice sendmail[90575]: NOQUEUE: [220.189.243.233] did not issue MAIL/EXPN/VRFY/ETRN during connection to MTA
Apr 7 06:24:20 grainservice sendmail[90586]: l376OJW90586: ruleset=check_relay, arg1=[196.211.19.181], arg2=196.211.19.181, relay=[196.211.19.181], reject=550 5.7.1 Mail from 196.211.19.181 refused by blackhole site spamhaus-rbl.core.registeredsite.com
Apr 7 06:24:20 grainservice sendmail[90587]: l376OKW90587: ruleset=check_relay, arg1=[61.178.73.223], arg2=61.178.73.223, relay=[61.178.73.223], reject=550 5.7.1 Mail from 61.178.73.223 refused by blackhole site spamhaus-rbl.core.registeredsite.com
Apr 7 06:24:21 grainservice sendmail[90521]: NOQUEUE: [61.48.16.194] did not issue MAIL/EXPN/VRFY/ETRN during connection to MTA
Apr 7 06:24:22 grainservice sendmail[90588]: l376OMW90588: ruleset=check_relay, arg1=[222.120.229.59], arg2=222.120.229.59, relay=[222.120.229.59], reject=550 5.7.1 Mail from 222.120.229.59 refused by blackhole site spamhaus-rbl.core.registeredsite.com
Apr 7 06:24:24 grainservice sendmail[90587]: NOQUEUE: [61.178.73.223] did not issue MAIL/EXPN/VRFY/ETRN during connection to MTA
Apr 7 06:24:25 grainservice sendmail[90588]: NOQUEUE: [222.120.229.59] did not issue MAIL/EXPN/VRFY/ETRN during connection to MTA
Apr 7 06:24:25 grainservice sendmail[90594]: l376OPW90594: ruleset=check_relay, arg1=p1138-ipbf1607marunouchi.tokyo.ocn.ne.jp, arg2=124.102.64.138, relay=p1138-ipbf1607marunouchi.tokyo.ocn.ne.jp [124.102.64.138], reject=550 5.7.1 Mail from 124.102.64.138 refused by blackhole site spamhaus-rbl.core.registeredsite.com
Apr 7 06:24:26 grainservice sendmail[90599]: l376OQW90599: ruleset=check_relay, arg1=u108.d220223218.ctt.ne.jp, arg2=218.223.220.108, relay=u108.d220223218.ctt.ne.jp [218.223.220.108], reject=550 5.7.1 Mail from 218.223.220.108 refused by blackhole site spamhaus-rbl.core.registeredsite.com
Apr 7 06:24:30 grainservice sendmail[90609]: l376OUW90609: ruleset=check_relay, arg1=[58.221.254.226], arg2=58.221.254.226, relay=[58.221.254.226], reject=550 5.7.1 Mail from 58.221.254.226 refused by blackhole site spamhaus-rbl.core.registeredsite.com
Apr 7 06:24:30 grainservice sendmail[90595]: l376OPW90595: ruleset=check_relay, arg1=203-113-17-172.totbb.net, arg2=203.113.17.172, relay=203-113-17-172.totbb.net [203.113.17.172], reject=550 5.7.1 Mail from 203.113.17.172 refused by blackhole site spamhaus-rbl.core.registeredsite.com
Apr 7 06:24:35 grainservice sendmail[90595]: NOQUEUE: 203-113-17-172.totbb.net [203.113.17.172] did not issue MAIL/EXPN/VRFY/ETRN during connection to MTA
Apr 7 06:24:36 grainservice sendmail[90586]: NOQUEUE: [196.211.19.181] did not issue MAIL/EXPN/VRFY/ETRN during connection to MTA
Apr 7 06:24:38 grainservice sendmail[90629]: l376ObW90629: ruleset=check_relay, arg1=a213-22-50-229.cpe.netcabo.pt, arg2=213.22.50.229, relay=a213-22-50-229.cpe.netcabo.pt [213.22.50.229], reject=550 5.7.1 Mail from 213.22.50.229 refused by blackhole site spamhaus-rbl.core.registeredsite.com
Apr 7 06:24:40 grainservice sendmail[90594]: NOQUEUE: p1138-ipbf1607marunouchi.tokyo.ocn.ne.jp [124.102.64.138] did not issue MAIL/EXPN/VRFY/ETRN during connection to MTA
Apr 7 06:24:41 grainservice sendmail[90629]: NOQUEUE: a213-22-50-229.cpe.netcabo.pt [213.22.50.229] did not issue MAIL/EXPN/VRFY/ETRN during connection to MTA
Apr 7 06:24:41 grainservice sendmail[90599]: NOQUEUE: u108.d220223218.ctt.ne.jp [218.223.220.108] did not issue MAIL/EXPN/VRFY/ETRN during connection to MTA
Apr 7 06:24:43 grainservice sendmail[90639]: l376OgW90639: ruleset=check_relay, arg1=[85.69.117.179], arg2=85.69.117.179, relay=[85.69.117.179], reject=550 5.7.1 Mail from 85.69.117.179 refused by blackhole site spamhaus-rbl.core.registeredsite.com
Apr 7 06:24:45 grainservice sendmail[90639]: NOQUEUE: [85.69.117.179] did not issue MAIL/EXPN/VRFY/ETRN during connection to MTA
Apr 7 06:24:47 grainservice sendmail[90653]: l376OkW90653: ruleset=check_relay, arg1=[61.66.0.26], arg2=61.66.0.26, relay=[61.66.0.26], reject=550 5.7.1 Mail from 61.66.0.26 refused by blackhole site spamhaus-rbl.core.registeredsite.com
Apr 7 06:24:50 grainservice sendmail[90653]: NOQUEUE: [61.66.0.26] did not issue MAIL/EXPN/VRFY/ETRN during connection to MTA
Apr 7 06:24:50 grainservice sendmail[90652]: l376OjW90652: ruleset=check_relay, arg1=86-124-120-033.iasi.cablelink.ro, arg2=86.124.120.33, relay=86-124-120-033.iasi.cablelink.ro [86.124.120.33], reject=550 5.7.1 Mail from 86.124.120.33 refused by blackhole site spamhaus-rbl.core.registeredsite.com
Apr 7 06:24:50 grainservice sendmail[90652]: NOQUEUE: 86-124-120-033.iasi.cablelink.ro [86.124.120.33] did not issue MAIL/EXPN/VRFY/ETRN during connection to MTA
Apr 7 06:24:52 grainservice sendmail[90662]: l376OqW90662: ruleset=check_relay, arg1=[219.88.243.186], arg2=219.88.243.186, relay=[219.88.243.186], reject=550 5.7.1 Mail from 219.88.243.186 refused by blackhole site spamhaus-rbl.core.registeredsite.com
Apr 7 06:24:53 grainservice sendmail[90609]: NOQUEUE: [58.221.254.226] did not issue MAIL/EXPN/VRFY/ETRN during connection to MTA
Apr 7 06:24:53 grainservice sendmail[90662]: NOQUEUE: [219.88.243.186] did not issue MAIL/EXPN/VRFY/ETRN during connection to MTA
Apr 7 06:24:54 grainservice sendmail[90665]: l376OrW90665: ruleset=check_relay, arg1=[85.154.249.138], arg2=85.154.249.138, relay=[85.154.249.138], reject=550 5.7.1 Mail from 85.154.249.138 refused by blackhole site spamhaus-rbl.core.registeredsite.com
Apr 7 06:24:54 grainservice sendmail[90666]: l376OsW90666: ruleset=check_relay, arg1=68-115-25-43.dhcp.mdsn.wi.charter.com, arg2=68.115.25.43, relay=68-115-25-43.dhcp.mdsn.wi.charter.com [68.115.25.43], reject=550 5.7.1 Mail from 68.115.25.43 refused by blackhole site spamhaus-rbl.core.registeredsite.com
Apr 7 06:24:56 grainservice sendmail[90665]: NOQUEUE: [85.154.249.138] did not issue MAIL/EXPN/VRFY/ETRN during connection to MTA
Apr 7 06:24:57 grainservice sendmail[90666]: NOQUEUE: 68-115-25-43.dhcp.mdsn.wi.charter.com [68.115.25.43] did not issue MAIL/EXPN/VRFY/ETRN during connection to MTA
Apr 7 06:24:58 grainservice sendmail[90670]: l376OwW90670: ruleset=check_relay, arg1=[209.164.241.162], arg2=209.164.241.162, relay=[209.164.241.162], reject=550 5.7.1 Mail from 209.164.241.162 refused by blackhole site spamhaus-rbl.core.registeredsite.com
Apr 7 06:25:00 grainservice sendmail[90685]: l376P0W90685: ruleset=check_relay, arg1=[218.236.10.181], arg2=218.236.10.181, relay=[218.236.10.181], reject=550 5.7.1 Mail from 218.236.10.181 refused by blackhole site spamhaus-rbl.core.registeredsite.com
Apr 7 06:25:01 grainservice sendmail[90735]: l376P1W90735: ruleset=check_relay, arg1=pc0.zz.ha.cn, arg2=218.28.77.124, relay=pc0.zz.ha.cn [218.28.77.124] (may be forged), reject=550 5.7.1 Mail from 218.28.77.124 refused by blackhole site spamhaus-rbl.core.registeredsite.com
Apr 7 06:25:03 grainservice sendmail[90670]: NOQUEUE: [209.164.241.162] did not issue MAIL/EXPN/VRFY/ETRN during connection to MTA
Apr 7 06:25:05 grainservice sendmail[90735]: NOQUEUE: pc0.zz.ha.cn [218.28.77.124] (may be forged) did not issue MAIL/EXPN/VRFY/ETRN during connection to MTA
Apr 7 06:25:07 grainservice sendmail[90802]: l376P7W90802: ruleset=check_relay, arg1=[60.10.4.76], arg2=60.10.4.76, relay=[60.10.4.76], reject=550 5.7.1 Mail from 60.10.4.76 refused by blackhole site spamhaus-rbl.core.registeredsite.com
Apr 7 06:25:11 grainservice sendmail[90802]: NOQUEUE: [60.10.4.76] did not issue MAIL/EXPN/VRFY/ETRN during connection to MTA
Apr 7 06:25:13 grainservice sendmail[90814]: l376PCW90814: ruleset=check_relay, arg1=dsl-216-163-102-168.ltis.net, arg2=216.163.102.168, relay=dsl-216-163-102-168.ltis.net [216.163.102.168] (may be forged), reject=550 5.7.1 Mail from 216.163.102.168 refused by blackhole site spamhaus-rbl.core.registeredsite.com
Apr 7 06:25:13 grainservice sendmail[90815]: l376PDW90815: ruleset=check_relay, arg1=[218.236.10.181], arg2=218.236.10.181, relay=[218.236.10.181], reject=550 5.7.1 Mail from 218.236.10.181 refused by blackhole site spamhaus-rbl.core.registeredsite.com
Apr 7 06:25:15 grainservice sendmail[90685]: NOQUEUE: [218.236.10.181] did not issue MAIL/EXPN/VRFY/ETRN during connection to MTA
Apr 7 06:25:17 grainservice sendmail[90825]: l376PHW90825: ruleset=check_relay, arg1=c95379ef.virtua.com.br, arg2=201.83.121.239, relay=c95379ef.virtua.com.br [201.83.121.239], reject=550 5.7.1 Mail from 201.83.121.239 refused by blackhole site spamhaus-rbl.core.registeredsite.com
Apr 7 06:25:19 grainservice sendmail[90817]: l376PFW90817: ruleset=check_relay, arg1=S01060050bae41051.vc.shawcable.net, arg2=24.87.100.122, relay=S01060050bae41051.vc.shawcable.net [24.87.100.122], reject=550 5.7.1 Mail from 24.87.100.122 refused by blackhole site spamhaus-rbl.core.registeredsite.com
Apr 7 06:25:20 grainservice sendmail[90825]: NOQUEUE: c95379ef.virtua.com.br [201.83.121.239] did not issue MAIL/EXPN/VRFY/ETRN during connection to MTA
Apr 7 06:25:24 grainservice sendmail[90817]: NOQUEUE: S01060050bae41051.vc.shawcable.net [24.87.100.122] did not issue MAIL/EXPN/VRFY/ETRN during connection to MTA
Apr 7 06:25:24 grainservice sendmail[90834]: l376PNW90834: ruleset=check_relay, arg1=[219.147.235.103], arg2=219.147.235.103, relay=[219.147.235.103], reject=550 5.7.1 Mail from 219.147.235.103 refused by blackhole site spamhaus-rbl.core.registeredsite.com
Apr 7 06:25:26 grainservice sendmail[90834]: NOQUEUE: [219.147.235.103] did not issue MAIL/EXPN/VRFY/ETRN during connection to MTA
Apr 7 06:25:28 grainservice sendmail[90814]: NOQUEUE: dsl-216-163-102-168.ltis.net [216.163.102.168] (may be forged) did not issue MAIL/EXPN/VRFY/ETRN during connection to MTA
Apr 7 06:25:28 grainservice sendmail[90815]: NOQUEUE: [218.236.10.181] did not issue MAIL/EXPN/VRFY/ETRN during connection to MTA
Apr 7 06:25:28 grainservice sendmail[90848]: l376PSW90848: ruleset=check_relay, arg1=[59.22.76.112], arg2=59.22.76.112, relay=[59.22.76.112], reject=550 5.7.1 Mail from 59.22.76.112 refused by blackhole site spamhaus-rbl.core.registeredsite.com
Apr 7 06:25:30 grainservice sendmail[90853]: l376PUW90853: ruleset=check_relay, arg1=customer-201-116-95-99.uninet-ide.com.mx, arg2=201.116.95.99, relay=customer-201-116-95-99.uninet-ide.com.mx [201.116.95.99] (may be forged), reject=550 5.7.1 Mail from 201.116.95.99 refused by blackhole site spamhaus-rbl.core.registeredsite.com
Apr 7 06:25:31 grainservice sendmail[90856]: l376PVW90856: ruleset=check_relay, arg1=[221.138.53.231], arg2=221.138.53.231, relay=[221.138.53.231], reject=550 5.7.1 Mail from 221.138.53.231 refused by blackhole site spamhaus-rbl.core.registeredsite.com
Apr 7 06:25:31 grainservice sendmail[90853]: NOQUEUE: customer-201-116-95-99.uninet-ide.com.mx [201.116.95.99] (may be forged) did not issue MAIL/EXPN/VRFY/ETRN during connection to MTA
Apr 7 06:25:31 grainservice sendmail[90857]: l376PVW90857: ruleset=check_relay, arg1=[59.7.29.243], arg2=59.7.29.243, relay=[59.7.29.243], reject=550 5.7.1 Mail from 59.7.29.243 refused by blackhole site spamhaus-rbl.core.registeredsite.com
Apr 7 06:25:32 grainservice sendmail[90848]: NOQUEUE: [59.22.76.112] did not issue MAIL/EXPN/VRFY/ETRN during connection to MTA
Apr 7 06:25:33 grainservice sendmail[90864]: l376PXW90864: ruleset=check_relay, arg1=blk-222-239-98.eastlink.ca, arg2=24.222.239.98, relay=blk-222-239-98.eastlink.ca [24.222.239.98], reject=550 5.7.1 Mail from 24.222.239.98 refused by blackhole site spamhaus-rbl.core.registeredsite.com
Apr 7 06:25:33 grainservice sendmail[90856]: NOQUEUE: [221.138.53.231] did not issue MAIL/EXPN/VRFY/ETRN during connection to MTA
Apr 7 06:25:35 grainservice sendmail[90864]: NOQUEUE: blk-222-239-98.eastlink.ca [24.222.239.98] did not issue MAIL/EXPN/VRFY/ETRN during connection to MTA
Apr 7 06:25:36 grainservice sendmail[90865]: l376PXW90865: ruleset=check_relay, arg1=82-76-221-209.rdsnet.ro, arg2=82.76.221.209, relay=82-76-221-209.rdsnet.ro [82.76.221.209] (may be forged), reject=550 5.7.1 Mail from 82.76.221.209 refused by blackhole site spamhaus-rbl.core.registeredsite.com
Apr 7 06:25:36 grainservice sendmail[90865]: NOQUEUE: 82-76-221-209.rdsnet.ro [82.76.221.209] (may be forged) did not issue MAIL/EXPN/VRFY/ETRN during connection to MTA
Apr 7 06:25:36 grainservice sendmail[90871]: l376PaW90871: ruleset=check_relay, arg1=12-219-243-55.client.mchsi.com, arg2=12.219.243.55, relay=12-219-243-55.client.mchsi.com [12.219.243.55], reject=550 5.7.1 Mail from 12.219.243.55 refused by blackhole site spamhaus-rbl.core.registeredsite.com
Apr 7 06:25:38 grainservice sendmail[90659]: l376PcW90659: ruleset=check_relay, arg1=[206.184.249.138], arg2=206.184.249.138, relay=[206.184.249.138], reject=550 5.7.1 Mail from 206.184.249.138 refused by blackhole site spamhaus-rbl.core.registeredsite.com
Apr 7 06:25:38 grainservice sendmail[90659]: NOQUEUE: [206.184.249.138] did not issue MAIL/EXPN/VRFY/ETRN during connection to MTA
Apr 7 06:25:42 grainservice sendmail[90871]: NOQUEUE: 12-219-243-55.client.mchsi.com [12.219.243.55] did not issue MAIL/EXPN/VRFY/ETRN during connection to MTA
Apr 7 06:25:45 grainservice sendmail[90882]: l376PiW90882: ruleset=check_relay, arg1=pool-68-239-14-149.bos.east.verizon.net, arg2=68.239.14.149, relay=pool-68-239-14-149.bos.east.verizon.net [68.239.14.149], reject=550 5.7.1 Mail from 68.239.14.149 refused by blackhole site spamhaus-rbl.core.registeredsite.com
Apr 7 06:25:46 grainservice sendmail[90857]: NOQUEUE: [59.7.29.243] did not issue MAIL/EXPN/VRFY/ETRN during connection to MTA
Apr 7 06:25:50 grainservice sendmail[90885]: l376PnW90885: ruleset=check_relay, arg1=d288dc-187.dynamic.tiki.ne.jp, arg2=210.136.220.187, relay=d288dc-187.dynamic.tiki.ne.jp [210.136.220.187], reject=550 5.7.1 Mail from 210.136.220.187 refused by blackhole site spamhaus-rbl.core.registeredsite.com
Apr 7 06:25:50 grainservice sendmail[90882]: NOQUEUE: pool-68-239-14-149.bos.east.verizon.net [68.239.14.149] did not issue MAIL/EXPN/VRFY/ETRN during connection to MTA
Apr 7 06:25:52 grainservice sendmail[90891]: l376PqW90891: ruleset=check_relay, arg1=[61.66.0.26], arg2=61.66.0.26, relay=[61.66.0.26], reject=550 5.7.1 Mail from 61.66.0.26 refused by blackhole site spamhaus-rbl.core.registeredsite.com
Apr 7 06:25:52 grainservice sendmail[90885]: NOQUEUE: d288dc-187.dynamic.tiki.ne.jp [210.136.220.187] did not issue MAIL/EXPN/VRFY/ETRN during connection to MTA
Apr 7 06:25:57 grainservice sendmail[90896]: l376PvW90896: ruleset=check_relay, arg1=p2106-ipad04fukuokachu.fukuoka.ocn.ne.jp, arg2=219.160.246.106, relay=p2106-ipad04fukuokachu.fukuoka.ocn.ne.jp [219.160.246.106], reject=550 5.7.1 Mail from 219.160.246.106 refused by blackhole site spamhaus-rbl.core.registeredsite.com
Apr 7 06:26:02 grainservice sendmail[90922]: l376Q2W90922: ruleset=check_relay, arg1=[221.6.72.245], arg2=221.6.72.245, relay=[221.6.72.245], reject=550 5.7.1 Mail from 221.6.72.245 refused by blackhole site spamhaus-rbl.core.registeredsite.com
Apr 7 06:26:02 grainservice sendmail[90922]: NOQUEUE: [221.6.72.245] did not issue MAIL/EXPN/VRFY/ETRN during connection to MTA
Apr 7 06:26:05 grainservice sendmail[90891]: NOQUEUE: [61.66.0.26] did not issue MAIL/EXPN/VRFY/ETRN during connection to MTA
Apr 7 06:26:06 grainservice sendmail[90930]: l376Q6W90930: ruleset=check_relay, arg1=p6106-ipbf403marunouchi.tokyo.ocn.ne.jp, arg2=124.87.201.106, relay=p6106-ipbf403marunouchi.tokyo.ocn.ne.jp [124.87.201.106], reject=550 5.7.1 Mail from 124.87.201.106 refused by blackhole site spamhaus-rbl.core.registeredsite.com
