Apr 5 12:03:55 grainservice sendmail[31396]: l35C3oW31396: ruleset=check_relay, arg1=200-168-146-29.dsl.telesp.net.br, arg2=200.168.146.29, relay=200-168-146-29.dsl.telesp.net.br [200.168.146.29], reject=550 5.7.1 Mail from 200.168.146.29 refused by blackhole site spamhaus-rbl.core.registeredsite.com
Apr 5 12:03:55 grainservice sendmail[31396]: NOQUEUE: 200-168-146-29.dsl.telesp.net.br [200.168.146.29] did not issue MAIL/EXPN/VRFY/ETRN during connection to MTA
Apr 5 12:05:15 grainservice sendmail[31694]: l35C5EW31694: ruleset=check_relay, arg1=eov42.internetdsl.tpnet.pl, arg2=83.15.233.42, relay=eov42.internetdsl.tpnet.pl [83.15.233.42], reject=550 5.7.1 Mail from 83.15.233.42 refused by blackhole site spamhaus-rbl.core.registeredsite.com
Apr 5 12:05:15 grainservice sendmail[31694]: NOQUEUE: eov42.internetdsl.tpnet.pl [83.15.233.42] did not issue MAIL/EXPN/VRFY/ETRN during connection to MTA
Apr 5 12:05:42 grainservice sendmail[31751]: l35C5aW31751: ruleset=check_relay, arg1=home-pool-180-4.com2com.ru, arg2=195.98.180.4, relay=home-pool-180-4.com2com.ru [195.98.180.4] (may be forged), reject=550 5.7.1 Mail from 195.98.180.4 refused by blackhole site spamhaus-rbl.core.registeredsite.com
Apr 5 12:05:45 grainservice sendmail[31066]: l34G5YW66031: to=, delay=20:00:11, xdelay=00:02:30, mailer=esmtp, pri=3632273, relay=mail.0733.com. [61.187.98.7], dsn=4.0.0, stat=Deferred: Operation timed out with mail.0733.com.
Apr 5 12:05:45 grainservice sendmail[31751]: NOQUEUE: home-pool-180-4.com2com.ru [195.98.180.4] (may be forged) did not issue MAIL/EXPN/VRFY/ETRN during connection to MTA
Apr 5 12:06:14 grainservice sendmail[31833]: l35C6EW31833: ruleset=check_relay, arg1=eov42.internetdsl.tpnet.pl, arg2=83.15.233.42, relay=eov42.internetdsl.tpnet.pl [83.15.233.42], reject=550 5.7.1 Mail from 83.15.233.42 refused by blackhole site spamhaus-rbl.core.registeredsite.com
Apr 5 12:06:14 grainservice sendmail[31833]: NOQUEUE: eov42.internetdsl.tpnet.pl [83.15.233.42] did not issue MAIL/EXPN/VRFY/ETRN during connection to MTA
Apr 5 12:07:16 grainservice sendmail[31956]: l35C7GW31956: ruleset=check_relay, arg1=eov42.internetdsl.tpnet.pl, arg2=83.15.233.42, relay=eov42.internetdsl.tpnet.pl [83.15.233.42], reject=550 5.7.1 Mail from 83.15.233.42 refused by blackhole site spamhaus-rbl.core.registeredsite.com
Apr 5 12:07:17 grainservice sendmail[31956]: NOQUEUE: eov42.internetdsl.tpnet.pl [83.15.233.42] did not issue MAIL/EXPN/VRFY/ETRN during connection to MTA
Apr 5 12:08:15 grainservice sendmail[31066]: l3410IW86806: to=, delay=1+11:07:57, xdelay=00:02:30, mailer=esmtp, pri=6332460, relay=goldenpalace.pegasusnt.net. [216.95.218.173], dsn=4.0.0, stat=Deferred: Operation timed out with goldenpalace.pegasusnt.net.
Apr 5 12:09:30 grainservice sendmail[31066]: l33NVbX59097: to=, delay=1+12:37:51, xdelay=00:01:15, mailer=esmtp, pri=6609530, relay=com.cn.com. [213.146.149.160], dsn=4.0.0, stat=Deferred: Operation timed out with com.cn.com.
Apr 5 12:10:19 grainservice sendmail[32570]: l35CAJW32570: ruleset=check_relay, arg1=131.microsata.com, arg2=208.97.211.131, relay=131.microsata.com [208.97.211.131], reject=550 5.7.1 Mail from 208.97.211.131 refused by blackhole site spamhaus-rbl.core.registeredsite.com
Apr 5 12:10:19 grainservice sendmail[32570]: NOQUEUE: 131.microsata.com [208.97.211.131] did not issue MAIL/EXPN/VRFY/ETRN during connection to MTA
Apr 5 12:10:46 grainservice sendmail[31066]: l330fOW32003: to=, delay=2+11:29:22, xdelay=00:01:16, mailer=esmtp, pri=10752432, relay=primail.263.com. [211.100.28.126], dsn=4.0.0, stat=Deferred: Operation timed out with primail.263.com.
Apr 5 12:12:01 grainservice sendmail[31066]: l32AxaW26881: to=, delay=3+01:12:25, xdelay=00:01:15, mailer=esmtp, pri=13285492, relay=euwest.biz.com. [65.116.138.236], dsn=4.0.0, stat=Deferred: Operation timed out with euwest.biz.com.
Apr 5 12:12:01 grainservice sendmail[31066]: l31HNEW85427: to=, delay=3+18:48:47, xdelay=00:00:00, mailer=esmtp, pri=16419469, relay=mail-fwd.mx.g19.rapidsite.net. [199.239.254.18], dsn=4.3.0, stat=Deferred: 451 Could not load DRD
Apr 5 12:12:03 grainservice sendmail[31066]: l3110rW20573: to=, delay=4+11:11:10, xdelay=00:00:00, mailer=esmtp, pri=19380852, relay=dev.null. [207.44.141.137], dsn=4.0.0, stat=Deferred: Connection refused by dev.null.
Apr 5 12:12:03 grainservice sendmail[31066]: l310G2W13441: to=, delay=4+11:56:01, xdelay=00:00:00, mailer=esmtp, pri=19485196, relay=dev.null., dsn=4.0.0, stat=Deferred: Connection refused by dev.null.
Apr 5 12:16:20 grainservice sendmail[33641]: l35CGKW33641: ruleset=check_relay, arg1=host-69-95-112-116.mil.choiceone.net, arg2=69.95.112.116, relay=host-69-95-112-116.mil.choiceone.net [69.95.112.116] (may be forged), reject=550 5.7.1 Mail from 69.95.112.116 refused by blackhole site spamhaus-rbl.core.registeredsite.com
Apr 5 12:16:21 grainservice sendmail[33641]: NOQUEUE: host-69-95-112-116.mil.choiceone.net [69.95.112.116] (may be forged) did not issue MAIL/EXPN/VRFY/ETRN during connection to MTA
Apr 5 12:16:52 grainservice sendmail[33728]: l35CGpW33728: ruleset=check_relay, arg1=123.microsata.com, arg2=208.97.211.123, relay=123.microsata.com [208.97.211.123], reject=550 5.7.1 Mail from 208.97.211.123 refused by blackhole site spamhaus-rbl.core.registeredsite.com
Apr 5 12:16:52 grainservice sendmail[33728]: NOQUEUE: 123.microsata.com [208.97.211.123] did not issue MAIL/EXPN/VRFY/ETRN during connection to MTA
Apr 5 12:18:14 grainservice sendmail[33903]: l35CIEW33903: ruleset=check_relay, arg1=[222.99.49.120], arg2=222.99.49.120, relay=[222.99.49.120], reject=550 5.7.1 Mail from 222.99.49.120 refused by blackhole site spamhaus-rbl.core.registeredsite.com
Apr 5 12:18:29 grainservice sendmail[33936]: l35CITW33936: ruleset=check_relay, arg1=202.61.28.106.static.zoot.jp, arg2=202.61.28.106, relay=202.61.28.106.static.zoot.jp [202.61.28.106], reject=550 5.7.1 Mail from 202.61.28.106 refused by blackhole site spamhaus-rbl.core.registeredsite.com
Apr 5 12:18:31 grainservice sendmail[33941]: l35CIVW33941: ruleset=check_relay, arg1=71-14-33-219.dhcp.lgrn.ga.charter.com, arg2=71.14.33.219, relay=71-14-33-219.dhcp.lgrn.ga.charter.com [71.14.33.219], reject=550 5.7.1 Mail from 71.14.33.219 refused by blackhole site spamhaus-rbl.core.registeredsite.com
Apr 5 12:18:37 grainservice sendmail[33963]: l35CIbW33963: ruleset=check_relay, arg1=cpe-71-72-116-137.insight.res.rr.com, arg2=71.72.116.137, relay=cpe-71-72-116-137.insight.res.rr.com [71.72.116.137], reject=550 5.7.1 Mail from 71.72.116.137 refused by blackhole site spamhaus-rbl.core.registeredsite.com
Apr 5 12:18:39 grainservice sendmail[33963]: NOQUEUE: cpe-71-72-116-137.insight.res.rr.com [71.72.116.137] did not issue MAIL/EXPN/VRFY/ETRN during connection to MTA
Apr 5 12:18:39 grainservice sendmail[33968]: l35CIcW33968: ruleset=check_relay, arg1=docsis4-233, arg2=202.137.27.233, relay=docsis4-233 [202.137.27.233] (may be forged), reject=550 5.7.1 Mail from 202.137.27.233 refused by blackhole site spamhaus-rbl.core.registeredsite.com
Apr 5 12:18:44 grainservice sendmail[33941]: NOQUEUE: 71-14-33-219.dhcp.lgrn.ga.charter.com [71.14.33.219] did not issue MAIL/EXPN/VRFY/ETRN during connection to MTA
Apr 5 12:18:44 grainservice sendmail[33994]: l35CIiW33994: ruleset=check_relay, arg1=[41.201.246.23], arg2=41.201.246.23, relay=[41.201.246.23], reject=550 5.7.1 Mail from 41.201.246.23 refused by blackhole site spamhaus-rbl.core.registeredsite.com
Apr 5 12:18:45 grainservice sendmail[33988]: l35CIiW33988: ruleset=check_relay, arg1=47.1.71.125.broad.cd.sc.dynamic.163data.com.cn, arg2=125.71.1.47, relay=47.1.71.125.broad.cd.sc.dynamic.163data.com.cn [125.71.1.47] (may be forged), reject=550 5.7.1 Mail from 125.71.1.47 refused by blackhole site spamhaus-rbl.core.registeredsite.com
Apr 5 12:18:45 grainservice sendmail[33983]: l35CIgW33983: from=, size=3340, class=0, nrcpts=1, msgid=<66fe01c7777b$7097408e$1ce316b3@mail.com>, bodytype=8BITMIME, proto=SMTP, daemon=MTA, relay=[218.154.224.73]
Apr 5 12:18:47 grainservice sendmail[33994]: NOQUEUE: [41.201.246.23] did not issue MAIL/EXPN/VRFY/ETRN during connection to MTA
Apr 5 12:18:49 grainservice sendmail[33936]: NOQUEUE: 202.61.28.106.static.zoot.jp [202.61.28.106] did not issue MAIL/EXPN/VRFY/ETRN during connection to MTA
Apr 5 12:18:51 grainservice sendmail[33988]: NOQUEUE: 47.1.71.125.broad.cd.sc.dynamic.163data.com.cn [125.71.1.47] (may be forged) did not issue MAIL/EXPN/VRFY/ETRN during connection to MTA
Apr 5 12:18:56 grainservice sendmail[33968]: NOQUEUE: docsis4-233 [202.137.27.233] (may be forged) did not issue MAIL/EXPN/VRFY/ETRN during connection to MTA
Apr 5 12:18:56 grainservice sendmail[34028]: l35CItW34028: ruleset=check_relay, arg1=[121.142.73.145], arg2=121.142.73.145, relay=[121.142.73.145], reject=550 5.7.1 Mail from 121.142.73.145 refused by blackhole site spamhaus-rbl.core.registeredsite.com
Apr 5 12:18:56 grainservice sendmail[33997]: l35CIgW33983: to="|exec /usr/local/bin/procmail || exit 75", ctladdr= (1011/1011), delay=00:00:13, xdelay=00:00:11, mailer=prog, pri=32793, dsn=2.0.0, stat=Sent
Apr 5 12:18:57 grainservice sendmail[34038]: l35CIvW34038: ruleset=check_relay, arg1=[222.98.43.251], arg2=222.98.43.251, relay=[222.98.43.251], reject=550 5.7.1 Mail from 222.98.43.251 refused by blackhole site spamhaus-rbl.core.registeredsite.com
Apr 5 12:18:58 grainservice sendmail[34028]: NOQUEUE: [121.142.73.145] did not issue MAIL/EXPN/VRFY/ETRN during connection to MTA
Apr 5 12:19:08 grainservice sendmail[34054]: l35CJ2W34054: ruleset=check_relay, arg1=121.247.253.172.pune-static.vsnl.net.in, arg2=121.247.253.172, relay=121.247.253.172.pune-static.vsnl.net.in [121.247.253.172] (may be forged), reject=550 5.7.1 Mail from 121.247.253.172 refused by blackhole site spamhaus-rbl.core.registeredsite.com
Apr 5 12:19:15 grainservice sendmail[34082]: l35CJFW34082: ruleset=check_relay, arg1=[58.221.249.34], arg2=58.221.249.34, relay=[58.221.249.34], reject=550 5.7.1 Mail from 58.221.249.34 refused by blackhole site spamhaus-rbl.core.registeredsite.com
Apr 5 12:19:19 grainservice sendmail[34082]: NOQUEUE: [58.221.249.34] did not issue MAIL/EXPN/VRFY/ETRN during connection to MTA
Apr 5 12:19:21 grainservice sendmail[34099]: l35CJKW34099: ruleset=check_relay, arg1=[124.199.49.227], arg2=124.199.49.227, relay=[124.199.49.227], reject=550 5.7.1 Mail from 124.199.49.227 refused by blackhole site spamhaus-rbl.core.registeredsite.com
Apr 5 12:19:23 grainservice sendmail[34054]: NOQUEUE: 121.247.253.172.pune-static.vsnl.net.in [121.247.253.172] (may be forged) did not issue MAIL/EXPN/VRFY/ETRN during connection to MTA
Apr 5 12:19:23 grainservice sendmail[34099]: NOQUEUE: [124.199.49.227] did not issue MAIL/EXPN/VRFY/ETRN during connection to MTA
Apr 5 12:19:25 grainservice sendmail[34108]: l35CJPW34108: ruleset=check_relay, arg1=cm248106.red.mundo-r.com, arg2=213.60.248.106, relay=GrTB0T@cm248106.red.mundo-r.com [213.60.248.106], reject=550 5.7.1 Mail from 213.60.248.106 refused by blackhole site spamhaus-rbl.core.registeredsite.com
Apr 5 12:19:25 grainservice sendmail[34108]: NOQUEUE: GrTB0T@cm248106.red.mundo-r.com [213.60.248.106] did not issue MAIL/EXPN/VRFY/ETRN during connection to MTA
Apr 5 12:19:26 grainservice sendmail[34038]: NOQUEUE: [222.98.43.251] did not issue MAIL/EXPN/VRFY/ETRN during connection to MTA
Apr 5 12:19:29 grainservice sendmail[34131]: l35CJTW34131: ruleset=check_relay, arg1=[220.181.45.10], arg2=220.181.45.10, relay=[220.181.45.10], reject=550 5.7.1 Mail from 220.181.45.10 refused by blackhole site spamhaus-rbl.core.registeredsite.com
Apr 5 12:19:33 grainservice sendmail[34131]: NOQUEUE: [220.181.45.10] did not issue MAIL/EXPN/VRFY/ETRN during connection to MTA
Apr 5 12:19:34 grainservice sendmail[34145]: l35CJYW34145: ruleset=check_relay, arg1=control.primustel.es, arg2=195.214.44.30, relay=control.primustel.es [195.214.44.30] (may be forged), reject=550 5.7.1 Mail from 195.214.44.30 refused by blackhole site spamhaus-rbl.core.registeredsite.com
Apr 5 12:19:35 grainservice sendmail[34145]: NOQUEUE: control.primustel.es [195.214.44.30] (may be forged) did not issue MAIL/EXPN/VRFY/ETRN during connection to MTA
Apr 5 12:19:36 grainservice sendmail[34148]: l35CJZW34148: ruleset=check_relay, arg1=S0106000ae6894781.cg.shawcable.net, arg2=68.146.38.63, relay=S0106000ae6894781.cg.shawcable.net [68.146.38.63], reject=550 5.7.1 Mail from 68.146.38.63 refused by blackhole site spamhaus-rbl.core.registeredsite.com
Apr 5 12:19:40 grainservice sendmail[34161]: l35CJeW34161: ruleset=check_relay, arg1=dsl-pool2-109.wilkes.net, arg2=208.3.9.109, relay=dsl-pool2-109.wilkes.net [208.3.9.109], reject=550 5.7.1 Mail from 208.3.9.109 refused by blackhole site spamhaus-rbl.core.registeredsite.com
Apr 5 12:19:43 grainservice sendmail[34161]: NOQUEUE: dsl-pool2-109.wilkes.net [208.3.9.109] did not issue MAIL/EXPN/VRFY/ETRN during connection to MTA
Apr 5 12:19:43 grainservice sendmail[34148]: NOQUEUE: S0106000ae6894781.cg.shawcable.net [68.146.38.63] did not issue MAIL/EXPN/VRFY/ETRN during connection to MTA
Apr 5 12:19:48 grainservice sendmail[34184]: l35CJlW34184: ruleset=check_relay, arg1=adsl-69-109-67-163.dsl.snfc21.pacbell.net, arg2=69.109.67.163, relay=adsl-69-109-67-163.dsl.snfc21.pacbell.net [69.109.67.163], reject=550 5.7.1 Mail from 69.109.67.163 refused by blackhole site spamhaus-rbl.core.registeredsite.com
Apr 5 12:19:48 grainservice sendmail[34184]: NOQUEUE: adsl-69-109-67-163.dsl.snfc21.pacbell.net [69.109.67.163] did not issue MAIL/EXPN/VRFY/ETRN during connection to MTA
Apr 5 12:19:48 grainservice sendmail[34186]: l35CJmW34186: ruleset=check_relay, arg1=[59.155.78.155], arg2=59.155.78.155, relay=[59.155.78.155], reject=550 5.7.1 Mail from 59.155.78.155 refused by blackhole site spamhaus-rbl.core.registeredsite.com
Apr 5 12:19:51 grainservice sendmail[34186]: NOQUEUE: [59.155.78.155] did not issue MAIL/EXPN/VRFY/ETRN during connection to MTA
Apr 5 12:19:55 grainservice sendmail[34205]: l35CJtW34205: ruleset=check_relay, arg1=124x34x87x12.ap124.ftth.ucom.ne.jp, arg2=124.34.87.12, relay=124x34x87x12.ap124.ftth.ucom.ne.jp [124.34.87.12], reject=550 5.7.1 Mail from 124.34.87.12 refused by blackhole site spamhaus-rbl.core.registeredsite.com
Apr 5 12:19:55 grainservice sendmail[34205]: NOQUEUE: 124x34x87x12.ap124.ftth.ucom.ne.jp [124.34.87.12] did not issue MAIL/EXPN/VRFY/ETRN during connection to MTA
Apr 5 12:19:56 grainservice sendmail[34208]: l35CJuW34208: ruleset=check_relay, arg1=melb-gw2.aigroup.asn.au, arg2=203.2.76.90, relay=melb-gw2.aigroup.asn.au [203.2.76.90], reject=550 5.7.1 Mail from 203.2.76.90 refused by blackhole site spamhaus-rbl.core.registeredsite.com
Apr 5 12:19:59 grainservice sendmail[34208]: NOQUEUE: melb-gw2.aigroup.asn.au [203.2.76.90] did not issue MAIL/EXPN/VRFY/ETRN during connection to MTA
Apr 5 12:20:00 grainservice sendmail[34222]: l35CK0W34222: ruleset=check_relay, arg1=pool-80-255-92-244.chelcom.ru, arg2=80.255.92.244, relay=pool-80-255-92-244.chelcom.ru [80.255.92.244], reject=550 5.7.1 Mail from 80.255.92.244 refused by blackhole site spamhaus-rbl.core.registeredsite.com
Apr 5 12:20:03 grainservice sendmail[34222]: NOQUEUE: pool-80-255-92-244.chelcom.ru [80.255.92.244] did not issue MAIL/EXPN/VRFY/ETRN during connection to MTA
Apr 5 12:20:08 grainservice sendmail[34363]: l35CK7W34363: ruleset=check_relay, arg1=www46.asd.tj.cn, arg2=60.30.252.46, relay=www46.asd.tj.cn [60.30.252.46] (may be forged), reject=550 5.7.1 Mail from 60.30.252.46 refused by blackhole site spamhaus-rbl.core.registeredsite.com
Apr 5 12:20:11 grainservice sendmail[34363]: NOQUEUE: www46.asd.tj.cn [60.30.252.46] (may be forged) did not issue MAIL/EXPN/VRFY/ETRN during connection to MTA
Apr 5 12:20:15 grainservice sendmail[34382]: l35CKFW34382: ruleset=check_relay, arg1=[220.117.17.80], arg2=220.117.17.80, relay=[220.117.17.80], reject=550 5.7.1 Mail from 220.117.17.80 refused by blackhole site spamhaus-rbl.core.registeredsite.com
Apr 5 12:20:18 grainservice sendmail[34396]: l35CKIW34396: ruleset=check_relay, arg1=[222.99.49.120], arg2=222.99.49.120, relay=[222.99.49.120], reject=550 5.7.1 Mail from 222.99.49.120 refused by blackhole site spamhaus-rbl.core.registeredsite.com
Apr 5 12:20:19 grainservice sendmail[34382]: NOQUEUE: [220.117.17.80] did not issue MAIL/EXPN/VRFY/ETRN during connection to MTA
Apr 5 12:20:19 grainservice sendmail[34396]: NOQUEUE: [222.99.49.120] did not issue MAIL/EXPN/VRFY/ETRN during connection to MTA
Apr 5 12:20:19 grainservice sendmail[34388]: l35CKGW34388: ruleset=check_relay, arg1=[222.85.2.217], arg2=222.85.2.217, relay=[222.85.2.217], reject=550 5.7.1 Mail from 222.85.2.217 refused by blackhole site spamhaus-rbl.core.registeredsite.com
Apr 5 12:20:26 grainservice sendmail[34425]: l35CKPW34425: ruleset=check_relay, arg1=docsis4-233, arg2=202.137.27.233, relay=docsis4-233 [202.137.27.233] (may be forged), reject=550 5.7.1 Mail from 202.137.27.233 refused by blackhole site spamhaus-rbl.core.registeredsite.com
Apr 5 12:20:26 grainservice sendmail[34425]: NOQUEUE: docsis4-233 [202.137.27.233] (may be forged) did not issue MAIL/EXPN/VRFY/ETRN during connection to MTA
Apr 5 12:20:28 grainservice sendmail[34419]: l35CKNW34419: ruleset=check_relay, arg1=79.63.103-84.rev.gaoland.net, arg2=84.103.63.79, relay=79.63.103-84.rev.gaoland.net [84.103.63.79], reject=550 5.7.1 Mail from 84.103.63.79 refused by blackhole site spamhaus-rbl.core.registeredsite.com
Apr 5 12:20:28 grainservice sendmail[34417]: l35CKNW34417: ruleset=check_relay, arg1=201-43-29-170.dsl.telesp.net.br, arg2=201.43.29.170, relay=201-43-29-170.dsl.telesp.net.br [201.43.29.170], reject=550 5.7.1 Mail from 201.43.29.170 refused by blackhole site spamhaus-rbl.core.registeredsite.com
Apr 5 12:20:28 grainservice sendmail[34417]: NOQUEUE: 201-43-29-170.dsl.telesp.net.br [201.43.29.170] did not issue MAIL/EXPN/VRFY/ETRN during connection to MTA
Apr 5 12:20:30 grainservice sendmail[34419]: NOQUEUE: 79.63.103-84.rev.gaoland.net [84.103.63.79] did not issue MAIL/EXPN/VRFY/ETRN during connection to MTA
Apr 5 12:20:35 grainservice sendmail[34388]: NOQUEUE: [222.85.2.217] did not issue MAIL/EXPN/VRFY/ETRN during connection to MTA
Apr 5 12:20:38 grainservice sendmail[34454]: l35CKbW34454: ruleset=check_relay, arg1=219-71-238-44.nkcatv.net.tw, arg2=219.71.238.44, relay=219-71-238-44.nkcatv.net.tw [219.71.238.44] (may be forged), reject=550 5.7.1 Mail from 219.71.238.44 refused by blackhole site spamhaus-rbl.core.registeredsite.com
Apr 5 12:20:42 grainservice sendmail[34454]: NOQUEUE: 219-71-238-44.nkcatv.net.tw [219.71.238.44] (may be forged) did not issue MAIL/EXPN/VRFY/ETRN during connection to MTA
Apr 5 12:20:43 grainservice sendmail[34473]: l35CKhW34473: ruleset=check_relay, arg1=pc-220-37-104-200.cm.vtr.net, arg2=200.104.37.220, relay=pc-220-37-104-200.cm.vtr.net [200.104.37.220], reject=550 5.7.1 Mail from 200.104.37.220 refused by blackhole site spamhaus-rbl.core.registeredsite.com
Apr 5 12:20:47 grainservice sendmail[34473]: NOQUEUE: pc-220-37-104-200.cm.vtr.net [200.104.37.220] did not issue MAIL/EXPN/VRFY/ETRN during connection to MTA
Apr 5 12:20:53 grainservice sendmail[34499]: l35CKqW34499: ruleset=check_relay, arg1=[61.178.85.78], arg2=61.178.85.78, relay=[61.178.85.78], reject=550 5.7.1 Mail from 61.178.85.78 refused by blackhole site spamhaus-rbl.core.registeredsite.com
Apr 5 12:20:55 grainservice sendmail[34499]: NOQUEUE: [61.178.85.78] did not issue MAIL/EXPN/VRFY/ETRN during connection to MTA
Apr 5 12:20:56 grainservice sendmail[34506]: l35CKuW34506: ruleset=check_relay, arg1=host-12-5-75-114.etcable.net, arg2=12.5.75.114, relay=host-12-5-75-114.etcable.net [12.5.75.114], reject=550 5.7.1 Mail from 12.5.75.114 refused by blackhole site spamhaus-rbl.core.registeredsite.com
Apr 5 12:20:57 grainservice sendmail[34508]: l35CKvW34508: ruleset=check_relay, arg1=client-201.240.171.183.speedy.net.pe, arg2=201.240.171.183, relay=root@localhost, reject=550 5.7.1 Mail from 201.240.171.183 refused by blackhole site spamhaus-rbl.core.registeredsite.com
Apr 5 12:20:57 grainservice sendmail[34508]: l35CKvW34508: SYSERR: putoutmsg (client-201.240.171.183.speedy.net.pe): error on output channel sending "220 grainservice.com ESMTP Sendmail 8.11.6/8.11.0; Thu, 5 Apr 2007 12:20:57 GMT": Broken pipe
Apr 5 12:20:57 grainservice sendmail[34508]: NOQUEUE: root@localhost did not issue MAIL/EXPN/VRFY/ETRN during connection to MTA
Apr 5 12:20:57 grainservice sendmail[34507]: l35CKvW34507: ruleset=check_relay, arg1=ubr01-c40-093.spacelan.ne.jp, arg2=221.133.73.93, relay=ubr01-c40-093.spacelan.ne.jp [221.133.73.93], reject=550 5.7.1 Mail from 221.133.73.93 refused by blackhole site spamhaus-rbl.core.registeredsite.com
Apr 5 12:20:59 grainservice sendmail[34506]: NOQUEUE: host-12-5-75-114.etcable.net [12.5.75.114] did not issue MAIL/EXPN/VRFY/ETRN during connection to MTA
Apr 5 12:21:01 grainservice sendmail[34507]: NOQUEUE: ubr01-c40-093.spacelan.ne.jp [221.133.73.93] did not issue MAIL/EXPN/VRFY/ETRN during connection to MTA
Apr 5 12:21:03 grainservice sendmail[34536]: l35CL2W34536: ruleset=check_relay, arg1=[220.181.45.10], arg2=220.181.45.10, relay=[220.181.45.10], reject=550 5.7.1 Mail from 220.181.45.10 refused by blackhole site spamhaus-rbl.core.registeredsite.com
Apr 5 12:21:05 grainservice sendmail[34536]: NOQUEUE: [220.181.45.10] did not issue MAIL/EXPN/VRFY/ETRN during connection to MTA
Apr 5 12:21:06 grainservice sendmail[34534]: NOQUEUE: 201-048-088-093.xd-dynamic.ctbcnetsuper.com.br [201.48.88.93] (may be forged) did not issue MAIL/EXPN/VRFY/ETRN during connection to MTA
Apr 5 12:21:07 grainservice sendmail[34538]: l35CL2W34538: ruleset=check_relay, arg1=190-48-2-6.speedy.com.ar, arg2=190.48.2.6, relay=190-48-2-6.speedy.com.ar [190.48.2.6] (may be forged), reject=550 5.7.1 Mail from 190.48.2.6 refused by blackhole site spamhaus-rbl.core.registeredsite.com
Apr 5 12:21:07 grainservice sendmail[34538]: NOQUEUE: 190-48-2-6.speedy.com.ar [190.48.2.6] (may be forged) did not issue MAIL/EXPN/VRFY/ETRN during connection to MTA
Apr 5 12:21:10 grainservice sendmail[34557]: l35CLAW34557: ruleset=check_relay, arg1=control.primustel.es, arg2=195.214.44.30, relay=control.primustel.es [195.214.44.30] (may be forged), reject=550 5.7.1 Mail from 195.214.44.30 refused by blackhole site spamhaus-rbl.core.registeredsite.com
Apr 5 12:21:11 grainservice sendmail[34557]: NOQUEUE: control.primustel.es [195.214.44.30] (may be forged) did not issue MAIL/EXPN/VRFY/ETRN during connection to MTA
Apr 5 12:21:13 grainservice sendmail[34558]: l35CLDW34558: ruleset=check_relay, arg1=[213.42.18.120], arg2=213.42.18.120, relay=[213.42.18.120], reject=550 5.7.1 Mail from 213.42.18.120 refused by blackhole site spamhaus-rbl.core.registeredsite.com
Apr 5 12:21:16 grainservice sendmail[34558]: NOQUEUE: [213.42.18.120] did not issue MAIL/EXPN/VRFY/ETRN during connection to MTA
Apr 5 12:21:19 grainservice sendmail[34581]: l35CLJW34581: ruleset=check_relay, arg1=pc07.vovette.icafe.iasi.rdsnet.ro, arg2=81.196.132.38, relay=pc07.vovette.icafe.iasi.rdsnet.ro [81.196.132.38] (may be forged), reject=550 5.7.1 Mail from 81.196.132.38 refused by blackhole site spamhaus-rbl.core.registeredsite.com
Apr 5 12:21:20 grainservice sendmail[34581]: NOQUEUE: pc07.vovette.icafe.iasi.rdsnet.ro [81.196.132.38] (may be forged) did not issue MAIL/EXPN/VRFY/ETRN during connection to MTA
Apr 5 12:21:21 grainservice sendmail[34583]: l35CLKW34583: ruleset=check_relay, arg1=221x252x2x125.ap221.ftth.ucom.ne.jp, arg2=221.252.2.125, relay=221x252x2x125.ap221.ftth.ucom.ne.jp [221.252.2.125], reject=550 5.7.1 Mail from 221.252.2.125 refused by blackhole site spamhaus-rbl.core.registeredsite.com
Apr 5 12:21:23 grainservice sendmail[34583]: NOQUEUE: 221x252x2x125.ap221.ftth.ucom.ne.jp [221.252.2.125] did not issue MAIL/EXPN/VRFY/ETRN during connection to MTA
Apr 5 12:21:25 grainservice sendmail[34604]: l35CLPW34604: ruleset=check_relay, arg1=cm68200.red91-117.mundo-r.com, arg2=91.117.68.200, relay=cm68200.red91-117.mundo-r.com [91.117.68.200], reject=550 5.7.1 Mail from 91.117.68.200 refused by blackhole site spamhaus-rbl.core.registeredsite.com
Apr 5 12:21:28 grainservice sendmail[34612]: l35CLSW34612: ruleset=check_relay, arg1=static-70-108-243-81.res.east.verizon.net, arg2=70.108.243.81, relay=static-70-108-243-81.res.east.verizon.net [70.108.243.81], reject=550 5.7.1 Mail from 70.108.243.81 refused by blackhole site spamhaus-rbl.core.registeredsite.com
Apr 5 12:21:28 grainservice sendmail[34612]: NOQUEUE: static-70-108-243-81.res.east.verizon.net [70.108.243.81] did not issue MAIL/EXPN/VRFY/ETRN during connection to MTA
Apr 5 12:21:29 grainservice sendmail[34604]: NOQUEUE: cm68200.red91-117.mundo-r.com [91.117.68.200] did not issue MAIL/EXPN/VRFY/ETRN during connection to MTA
Apr 5 12:21:30 grainservice sendmail[34635]: l35CLUW34635: ruleset=check_relay, arg1=S01060050fc6be626.cg.shawcable.net, arg2=68.147.41.243, relay=S01060050fc6be626.cg.shawcable.net [68.147.41.243], reject=550 5.7.1 Mail from 68.147.41.243 refused by blackhole site spamhaus-rbl.core.registeredsite.com
Apr 5 12:21:32 grainservice sendmail[34635]: NOQUEUE: S01060050fc6be626.cg.shawcable.net [68.147.41.243] did not issue MAIL/EXPN/VRFY/ETRN during connection to MTA
Apr 5 12:21:35 grainservice sendmail[34650]: l35CLYW34650: ruleset=check_relay, arg1=pool-70-105-250-124.port.east.verizon.net, arg2=70.105.250.124, relay=pool-70-105-250-124.port.east.verizon.net [70.105.250.124], reject=550 5.7.1 Mail from 70.105.250.124 refused by blackhole site spamhaus-rbl.core.registeredsite.com
Apr 5 12:21:40 grainservice sendmail[34650]: NOQUEUE: pool-70-105-250-124.port.east.verizon.net [70.105.250.124] did not issue MAIL/EXPN/VRFY/ETRN during connection to MTA
Apr 5 12:21:41 grainservice sendmail[34670]: l35CLeW34670: ruleset=check_relay, arg1=[211.247.35.43], arg2=211.247.35.43, relay=[211.247.35.43], reject=550 5.7.1 Mail from 211.247.35.43 refused by blackhole site spamhaus-rbl.core.registeredsite.com
Apr 5 12:21:44 grainservice sendmail[34670]: NOQUEUE: [211.247.35.43] did not issue MAIL/EXPN/VRFY/ETRN during connection to MTA
Apr 5 12:21:46 grainservice sendmail[34688]: l35CLjW34688: ruleset=check_relay, arg1=[59.6.42.169], arg2=59.6.42.169, relay=[59.6.42.169], reject=550 5.7.1 Mail from 59.6.42.169 refused by blackhole site spamhaus-rbl.core.registeredsite.com
Apr 5 12:22:08 grainservice sendmail[34688]: NOQUEUE: [59.6.42.169] did not issue MAIL/EXPN/VRFY/ETRN during connection to MTA
Apr 5 12:22:17 grainservice sendmail[34765]: l35CMBW34765: ruleset=check_relay, arg1=92.79.broadband4.iol.cz, arg2=85.71.79.92, relay=92.79.broadband4.iol.cz [85.71.79.92], reject=550 5.7.1 Mail from 85.71.79.92 refused by blackhole site spamhaus-rbl.core.registeredsite.com
Apr 5 12:22:17 grainservice sendmail[34765]: NOQUEUE: 92.79.broadband4.iol.cz [85.71.79.92] did not issue MAIL/EXPN/VRFY/ETRN during connection to MTA
Apr 5 12:22:21 grainservice sendmail[34793]: l35CMLW34793: ruleset=check_relay, arg1=jiangxi-china, arg2=218.64.56.136, relay=jiangxi-china [218.64.56.136] (may be forged), reject=550 5.7.1 Mail from 218.64.56.136 refused by blackhole site spamhaus-rbl.core.registeredsite.com
Apr 5 12:22:24 grainservice sendmail[34793]: NOQUEUE: jiangxi-china [218.64.56.136] (may be forged) did not issue MAIL/EXPN/VRFY/ETRN during connection to MTA
Apr 5 12:22:31 grainservice sendmail[34841]: l35CMVW34841: ruleset=check_relay, arg1=[124.42.80.135], arg2=124.42.80.135, relay=[124.42.80.135], reject=550 5.7.1 Mail from 124.42.80.135 refused by blackhole site spamhaus-rbl.core.registeredsite.com
Apr 5 12:22:32 grainservice sendmail[34841]: NOQUEUE: [124.42.80.135] did not issue MAIL/EXPN/VRFY/ETRN during connection to MTA
Apr 5 12:22:32 grainservice sendmail[34575]: l35CMWW34575: ruleset=check_relay, arg1=[219.232.61.58], arg2=219.232.61.58, relay=[219.232.61.58], reject=550 5.7.1 Mail from 219.232.61.58 refused by blackhole site spamhaus-rbl.core.registeredsite.com
Apr 5 12:22:32 grainservice sendmail[34575]: NOQUEUE: [219.232.61.58] did not issue MAIL/EXPN/VRFY/ETRN during connection to MTA
Apr 5 12:22:34 grainservice sendmail[34847]: l35CMXW34847: ruleset=check_relay, arg1=S01060080ad8200a0.th.shawcable.net, arg2=24.78.83.213, relay=S01060080ad8200a0.th.shawcable.net [24.78.83.213], reject=550 5.7.1 Mail from 24.78.83.213 refused by blackhole site spamhaus-rbl.core.registeredsite.com
Apr 5 12:22:34 grainservice sendmail[34851]: l35CMYW34851: ruleset=check_relay, arg1=reserve.cableplus.com.cn, arg2=211.144.92.142, relay=reserve.cableplus.com.cn [211.144.92.142] (may be forged), reject=550 5.7.1 Mail from 211.144.92.142 refused by blackhole site spamhaus-rbl.core.registeredsite.com
Apr 5 12:22:35 grainservice sendmail[34851]: NOQUEUE: reserve.cableplus.com.cn [211.144.92.142] (may be forged) did not issue MAIL/EXPN/VRFY/ETRN during connection to MTA
Apr 5 12:22:36 grainservice sendmail[34847]: NOQUEUE: S01060080ad8200a0.th.shawcable.net [24.78.83.213] did not issue MAIL/EXPN/VRFY/ETRN during connection to MTA
Apr 5 12:22:36 grainservice sendmail[34857]: l35CMaW34857: ruleset=check_relay, arg1=74-129-35-167.dhcp.insightbb.com, arg2=74.129.35.167, relay=74-129-35-167.dhcp.insightbb.com [74.129.35.167], reject=550 5.7.1 Mail from 74.129.35.167 refused by blackhole site spamhaus-rbl.core.registeredsite.com
Apr 5 12:22:37 grainservice sendmail[34859]: l35CMbW34859: ruleset=check_relay, arg1=[61.237.12.238], arg2=61.237.12.238, relay=[61.237.12.238], reject=550 5.7.1 Mail from 61.237.12.238 refused by blackhole site spamhaus-rbl.core.registeredsite.com
Apr 5 12:22:38 grainservice sendmail[34857]: NOQUEUE: 74-129-35-167.dhcp.insightbb.com [74.129.35.167] did not issue MAIL/EXPN/VRFY/ETRN during connection to MTA
Apr 5 12:22:39 grainservice sendmail[34866]: l35CMdW34866: ruleset=check_relay, arg1=[81.21.20.203], arg2=81.21.20.203, relay=[81.21.20.203], reject=550 5.7.1 Mail from 81.21.20.203 refused by blackhole site spamhaus-rbl.core.registeredsite.com
Apr 5 12:22:40 grainservice sendmail[34859]: NOQUEUE: [61.237.12.238] did not issue MAIL/EXPN/VRFY/ETRN during connection to MTA
Apr 5 12:22:41 grainservice sendmail[34869]: l35CMfW34869: ruleset=check_relay, arg1=cm-net-cwb-C8B0313D.dynamic.brdterra.com.br, arg2=200.176.49.61, relay=cm-net-cwb-C8B0313D.dynamic.brdterra.com.br [200.176.49.61], reject=550 5.7.1 Mail from 200.176.49.61 refused by blackhole site spamhaus-rbl.core.registeredsite.com
Apr 5 12:22:41 grainservice sendmail[34869]: NOQUEUE: cm-net-cwb-C8B0313D.dynamic.brdterra.com.br [200.176.49.61] did not issue MAIL/EXPN/VRFY/ETRN during connection to MTA
Apr 5 12:22:43 grainservice sendmail[34866]: NOQUEUE: [81.21.20.203] did not issue MAIL/EXPN/VRFY/ETRN during connection to MTA
Apr 5 12:22:43 grainservice sendmail[34880]: l35CMhW34880: ruleset=check_relay, arg1=c-68-83-243-79.hsd1.pa.comcast.net, arg2=68.83.243.79, relay=c-68-83-243-79.hsd1.pa.comcast.net [68.83.243.79], reject=550 5.7.1 Mail from 68.83.243.79 refused by blackhole site spamhaus-rbl.core.registeredsite.com
Apr 5 12:22:47 grainservice sendmail[34875]: l35CMgW34875: ruleset=check_relay, arg1=82-46-229-226.cable.ubr10.newt.blueyonder.co.uk, arg2=82.46.229.226, relay=82-46-229-226.cable.ubr10.newt.blueyonder.co.uk [82.46.229.226], reject=550 5.7.1 Mail from 82.46.229.226 refused by blackhole site spamhaus-rbl.core.registeredsite.com
Apr 5 12:22:47 grainservice sendmail[34875]: NOQUEUE: 82-46-229-226.cable.ubr10.newt.blueyonder.co.uk [82.46.229.226] did not issue MAIL/EXPN/VRFY/ETRN during connection to MTA
Apr 5 12:22:47 grainservice sendmail[34880]: NOQUEUE: c-68-83-243-79.hsd1.pa.comcast.net [68.83.243.79] did not issue MAIL/EXPN/VRFY/ETRN during connection to MTA
Apr 5 12:22:49 grainservice sendmail[34895]: l35CMmW34895: ruleset=check_relay, arg1=82-41-174-140.cable.ubr03.linl.blueyonder.co.uk, arg2=82.41.174.140, relay=82-41-174-140.cable.ubr03.linl.blueyonder.co.uk [82.41.174.140], reject=550 5.7.1 Mail from 82.41.174.140 refused by blackhole site spamhaus-rbl.core.registeredsite.com
Apr 5 12:22:49 grainservice sendmail[34896]: l35CMmW34896: ruleset=check_relay, arg1=host166-13-dynamic.16-87-r.retail.telecomitalia.it, arg2=87.16.13.166, relay=host166-13-dynamic.16-87-r.retail.telecomitalia.it [87.16.13.166], reject=550 5.7.1 Mail from 87.16.13.166 refused by blackhole site spamhaus-rbl.core.registeredsite.com
Apr 5 12:22:50 grainservice sendmail[34898]: l35CMnW34898: ruleset=check_relay, arg1=[221.209.17.218], arg2=221.209.17.218, relay=[221.209.17.218], reject=550 5.7.1 Mail from 221.209.17.218 refused by blackhole site spamhaus-rbl.core.registeredsite.com
Apr 5 12:22:50 grainservice sendmail[34895]: NOQUEUE: 82-41-174-140.cable.ubr03.linl.blueyonder.co.uk [82.41.174.140] did not issue MAIL/EXPN/VRFY/ETRN during connection to MTA
Apr 5 12:22:52 grainservice sendmail[34896]: NOQUEUE: host166-13-dynamic.16-87-r.retail.telecomitalia.it [87.16.13.166] did not issue MAIL/EXPN/VRFY/ETRN during connection to MTA
Apr 5 12:22:54 grainservice sendmail[34902]: l35CMsW34902: ruleset=check_relay, arg1=[125.19.4.7], arg2=125.19.4.7, relay=[125.19.4.7], reject=550 5.7.1 Mail from 125.19.4.7 refused by blackhole site spamhaus-rbl.core.registeredsite.com
Apr 5 12:22:54 grainservice sendmail[34898]: NOQUEUE: [221.209.17.218] did not issue MAIL/EXPN/VRFY/ETRN during connection to MTA
Apr 5 12:22:57 grainservice sendmail[34902]: NOQUEUE: [125.19.4.7] did not issue MAIL/EXPN/VRFY/ETRN during connection to MTA
Apr 5 12:23:03 grainservice sendmail[34920]: l35CN3W34920: ruleset=check_relay, arg1=[155.230.27.121], arg2=155.230.27.121, relay=[155.230.27.121], reject=550 5.7.1 Mail from 155.230.27.121 refused by blackhole site spamhaus-rbl.core.registeredsite.com
Apr 5 12:23:08 grainservice sendmail[34920]: NOQUEUE: [155.230.27.121] did not issue MAIL/EXPN/VRFY/ETRN during connection to MTA
Apr 5 12:23:14 grainservice sendmail[34990]: l35CNDW34990: ruleset=check_relay, arg1=softbank220057000110.bbtec.net, arg2=220.57.0.110, relay=softbank220057000110.bbtec.net [220.57.0.110], reject=550 5.7.1 Mail from 220.57.0.110 refused by blackhole site spamhaus-rbl.core.registeredsite.com
Apr 5 12:23:16 grainservice sendmail[35001]: l35CNGW35001: ruleset=check_relay, arg1=S01060080c6fe6e13.vs.shawcable.net, arg2=70.71.70.160, relay=S01060080c6fe6e13.vs.shawcable.net [70.71.70.160], reject=550 5.7.1 Mail from 70.71.70.160 refused by blackhole site spamhaus-rbl.core.registeredsite.com
Apr 5 12:23:17 grainservice sendmail[34990]: NOQUEUE: softbank220057000110.bbtec.net [220.57.0.110] did not issue MAIL/EXPN/VRFY/ETRN during connection to MTA
Apr 5 12:23:18 grainservice sendmail[35001]: NOQUEUE: S01060080c6fe6e13.vs.shawcable.net [70.71.70.160] did not issue MAIL/EXPN/VRFY/ETRN during connection to MTA
Apr 5 12:23:19 grainservice sendmail[35007]: l35CNJW35007: ruleset=check_relay, arg1=[59.95.74.155], arg2=59.95.74.155, relay=[59.95.74.155], reject=550 5.7.1 Mail from 59.95.74.155 refused by blackhole site spamhaus-rbl.core.registeredsite.com
Apr 5 12:23:19 grainservice sendmail[35007]: NOQUEUE: [59.95.74.155] did not issue MAIL/EXPN/VRFY/ETRN during connection to MTA
Apr 5 12:23:20 grainservice sendmail[35006]: l35CNKW35006: ruleset=check_relay, arg1=[60.171.70.58], arg2=60.171.70.58, relay=[60.171.70.58], reject=550 5.7.1 Mail from 60.171.70.58 refused by blackhole site spamhaus-rbl.core.registeredsite.com
Apr 5 12:23:23 grainservice sendmail[35006]: NOQUEUE: [60.171.70.58] did not issue MAIL/EXPN/VRFY/ETRN during connection to MTA
Apr 5 12:23:24 grainservice sendmail[35023]: l35CNOW35023: ruleset=check_relay, arg1=[65.123.250.43], arg2=65.123.250.43, relay=[65.123.250.43], reject=550 5.7.1 Mail from 65.123.250.43 refused by blackhole site spamhaus-rbl.core.registeredsite.com
Apr 5 12:23:25 grainservice sendmail[35025]: l35CNPW35025: ruleset=check_relay, arg1=[220.117.17.80], arg2=220.117.17.80, relay=[220.117.17.80], reject=550 5.7.1 Mail from 220.117.17.80 refused by blackhole site spamhaus-rbl.core.registeredsite.com
Apr 5 12:23:28 grainservice sendmail[35025]: NOQUEUE: [220.117.17.80] did not issue MAIL/EXPN/VRFY/ETRN during connection to MTA
Apr 5 12:23:29 grainservice sendmail[35023]: NOQUEUE: [65.123.250.43] did not issue MAIL/EXPN/VRFY/ETRN during connection to MTA
Apr 5 12:23:30 grainservice sendmail[35051]: l35CNUW35051: ruleset=check_relay, arg1=[59.18.169.187], arg2=59.18.169.187, relay=[59.18.169.187], reject=550 5.7.1 Mail from 59.18.169.187 refused by blackhole site spamhaus-rbl.core.registeredsite.com
Apr 5 12:23:33 grainservice sendmail[35051]: NOQUEUE: [59.18.169.187] did not issue MAIL/EXPN/VRFY/ETRN during connection to MTA
Apr 5 12:23:34 grainservice sendmail[35058]: l35CNYW35058: ruleset=check_relay, arg1=S01060020edb84cd0.va.shawcable.net, arg2=70.78.61.226, relay=S01060020edb84cd0.va.shawcable.net [70.78.61.226], reject=550 5.7.1 Mail from 70.78.61.226 refused by blackhole site spamhaus-rbl.core.registeredsite.com
Apr 5 12:23:36 grainservice sendmail[35053]: NOQUEUE: [88.118.136.185] did not issue MAIL/EXPN/VRFY/ETRN during connection to MTA
Apr 5 12:23:36 grainservice sendmail[35061]: l35CNaW35061: ruleset=check_relay, arg1=[59.7.29.217], arg2=59.7.29.217, relay=[59.7.29.217], reject=550 5.7.1 Mail from 59.7.29.217 refused by blackhole site spamhaus-rbl.core.registeredsite.com
Apr 5 12:23:38 grainservice sendmail[35055]: l35CNXW35055: ruleset=check_relay, arg1=201-43-78-3.dsl.telesp.net.br, arg2=201.43.78.3, relay=201-43-78-3.dsl.telesp.net.br [201.43.78.3], reject=550 5.7.1 Mail from 201.43.78.3 refused by blackhole site spamhaus-rbl.core.registeredsite.com
Apr 5 12:23:38 grainservice sendmail[35055]: NOQUEUE: 201-43-78-3.dsl.telesp.net.br [201.43.78.3] did not issue MAIL/EXPN/VRFY/ETRN during connection to MTA
Apr 5 12:23:39 grainservice sendmail[34974]: l35CNaW34974: ruleset=check_relay, arg1=[82.167.51.221], arg2=82.167.51.221, relay=[82.167.51.221], reject=550 5.7.1 Mail from 82.167.51.221 refused by blackhole site spamhaus-rbl.core.registeredsite.com
Apr 5 12:23:39 grainservice sendmail[34974]: NOQUEUE: [82.167.51.221] did not issue MAIL/EXPN/VRFY/ETRN during connection to MTA
Apr 5 12:23:46 grainservice sendmail[35075]: l35CNfW35075: ruleset=check_relay, arg1=82-47-51-82.cable.ubr02.dudl.blueyonder.co.uk, arg2=82.47.51.82, relay=82-47-51-82.cable.ubr02.dudl.blueyonder.co.uk [82.47.51.82], reject=550 5.7.1 Mail from 82.47.51.82 refused by blackhole site spamhaus-rbl.core.registeredsite.com
Apr 5 12:23:49 grainservice sendmail[35075]: NOQUEUE: 82-47-51-82.cable.ubr02.dudl.blueyonder.co.uk [82.47.51.82] did not issue MAIL/EXPN/VRFY/ETRN during connection to MTA
Apr 5 12:23:50 grainservice sendmail[35058]: NOQUEUE: S01060020edb84cd0.va.shawcable.net [70.78.61.226] did not issue MAIL/EXPN/VRFY/ETRN during connection to MTA
Apr 5 12:23:51 grainservice sendmail[35061]: NOQUEUE: [59.7.29.217] did not issue MAIL/EXPN/VRFY/ETRN during connection to MTA
Apr 5 12:23:52 grainservice sendmail[35101]: l35CNpW35101: ruleset=check_relay, arg1=[67.131.252.199], arg2=67.131.252.199, relay=[67.131.252.199], reject=550 5.7.1 Mail from 67.131.252.199 refused by blackhole site spamhaus-rbl.core.registeredsite.com
Apr 5 12:23:53 grainservice sendmail[35110]: l35CNrW35110: ruleset=check_relay, arg1=[121.140.45.118], arg2=121.140.45.118, relay=[121.140.45.118], reject=550 5.7.1 Mail from 121.140.45.118 refused by blackhole site spamhaus-rbl.core.registeredsite.com
Apr 5 12:23:54 grainservice sendmail[35112]: l35CNrW35112: ruleset=check_relay, arg1=APoitiers-155-1-137-88.w81-50.abo.wanadoo.fr, arg2=81.50.32.88, relay=APoitiers-155-1-137-88.w81-50.abo.wanadoo.fr [81.50.32.88], reject=550 5.7.1 Mail from 81.50.32.88 refused by blackhole site spamhaus-rbl.core.registeredsite.com
Apr 5 12:23:55 grainservice sendmail[35101]: NOQUEUE: [67.131.252.199] did not issue MAIL/EXPN/VRFY/ETRN during connection to MTA
Apr 5 12:23:56 grainservice sendmail[35110]: NOQUEUE: [121.140.45.118] did not issue MAIL/EXPN/VRFY/ETRN during connection to MTA
Apr 5 12:23:56 grainservice sendmail[35138]: l35CNuW35138: ruleset=check_relay, arg1=[203.239.91.2], arg2=203.239.91.2, relay=[203.239.91.2], reject=550 5.7.1 Mail from 203.239.91.2 refused by blackhole site spamhaus-rbl.core.registeredsite.com
Apr 5 12:23:58 grainservice sendmail[35143]: l35CNvW35143: ruleset=check_relay, arg1=[124.125.42.89], arg2=124.125.42.89, relay=[124.125.42.89], reject=550 5.7.1 Mail from 124.125.42.89 refused by blackhole site spamhaus-rbl.core.registeredsite.com
Apr 5 12:23:58 grainservice sendmail[35143]: NOQUEUE: [124.125.42.89] did not issue MAIL/EXPN/VRFY/ETRN during connection to MTA
Apr 5 12:24:00 grainservice sendmail[35138]: NOQUEUE: [203.239.91.2] did not issue MAIL/EXPN/VRFY/ETRN during connection to MTA
Apr 5 12:24:00 grainservice sendmail[35161]: l35CO0W35161: ruleset=check_relay, arg1=[89.216.196.169], arg2=89.216.196.169, relay=[89.216.196.169], reject=550 5.7.1 Mail from 89.216.196.169 refused by blackhole site spamhaus-rbl.core.registeredsite.com
Apr 5 12:24:00 grainservice sendmail[35161]: NOQUEUE: [89.216.196.169] did not issue MAIL/EXPN/VRFY/ETRN during connection to MTA
Apr 5 12:24:01 grainservice sendmail[35172]: l35CO0W35172: ruleset=check_relay, arg1=82-39-202-127.cable.ubr02.newy.blueyonder.co.uk, arg2=82.39.202.127, relay=82-39-202-127.cable.ubr02.newy.blueyonder.co.uk [82.39.202.127], reject=550 5.7.1 Mail from 82.39.202.127 refused by blackhole site spamhaus-rbl.core.registeredsite.com
Apr 5 12:24:01 grainservice sendmail[35146]: l35CO1W35146: ruleset=check_relay, arg1=[203.229.84.18], arg2=203.229.84.18, relay=[203.229.84.18], reject=550 5.7.1 Mail from 203.229.84.18 refused by blackhole site spamhaus-rbl.core.registeredsite.com
Apr 5 12:24:01 grainservice sendmail[35146]: NOQUEUE: [203.229.84.18] did not issue MAIL/EXPN/VRFY/ETRN during connection to MTA
Apr 5 12:24:02 grainservice sendmail[35175]: l35CO2W35175: ruleset=check_relay, arg1=[222.235.73.17], arg2=222.235.73.17, relay=[222.235.73.17], reject=550 5.7.1 Mail from 222.235.73.17 refused by blackhole site spamhaus-rbl.core.registeredsite.com
Apr 5 12:24:03 grainservice sendmail[35179]: l35CO3W35179: ruleset=check_relay, arg1=[211.175.53.97], arg2=211.175.53.97, relay=[211.175.53.97], reject=550 5.7.1 Mail from 211.175.53.97 refused by blackhole site spamhaus-rbl.core.registeredsite.com
Apr 5 12:24:04 grainservice sendmail[35172]: NOQUEUE: 82-39-202-127.cable.ubr02.newy.blueyonder.co.uk [82.39.202.127] did not issue MAIL/EXPN/VRFY/ETRN during connection to MTA
Apr 5 12:24:04 grainservice sendmail[35112]: NOQUEUE: APoitiers-155-1-137-88.w81-50.abo.wanadoo.fr [81.50.32.88] did not issue MAIL/EXPN/VRFY/ETRN during connection to MTA
Apr 5 12:24:04 grainservice sendmail[35175]: NOQUEUE: [222.235.73.17] did not issue MAIL/EXPN/VRFY/ETRN during connection to MTA
Apr 5 12:24:09 grainservice sendmail[35191]: l35CO6W35191: ruleset=check_relay, arg1=host217-40-47-113.in-addr.btopenworld.com, arg2=217.40.47.113, relay=host217-40-47-113.in-addr.btopenworld.com [217.40.47.113], reject=550 5.7.1 Mail from 217.40.47.113 refused by blackhole site spamhaus-rbl.core.registeredsite.com
Apr 5 12:24:09 grainservice sendmail[35179]: NOQUEUE: [211.175.53.97] did not issue MAIL/EXPN/VRFY/ETRN during connection to MTA
Apr 5 12:24:11 grainservice sendmail[35205]: l35COAW35205: ruleset=check_relay, arg1=[220.70.52.175], arg2=220.70.52.175, relay=[220.70.52.175], reject=550 5.7.1 Mail from 220.70.52.175 refused by blackhole site spamhaus-rbl.core.registeredsite.com
Apr 5 12:24:12 grainservice sendmail[35191]: NOQUEUE: host217-40-47-113.in-addr.btopenworld.com [217.40.47.113] did not issue MAIL/EXPN/VRFY/ETRN during connection to MTA
Apr 5 12:24:13 grainservice sendmail[35205]: NOQUEUE: [220.70.52.175] did not issue MAIL/EXPN/VRFY/ETRN during connection to MTA
Apr 5 12:24:15 grainservice sendmail[35214]: l35COFW35214: ruleset=check_relay, arg1=[221.158.239.31], arg2=221.158.239.31, relay=[221.158.239.31], reject=550 5.7.1 Mail from 221.158.239.31 refused by blackhole site spamhaus-rbl.core.registeredsite.com
Apr 5 12:24:18 grainservice sendmail[35221]: l35COIW35221: ruleset=check_relay, arg1=67.109.25.4.ptr.us.xo.net, arg2=67.109.25.4, relay=67.109.25.4.ptr.us.xo.net [67.109.25.4], reject=550 5.7.1 Mail from 67.109.25.4 refused by blackhole site spamhaus-rbl.core.registeredsite.com
Apr 5 12:24:18 grainservice sendmail[35221]: NOQUEUE: 67.109.25.4.ptr.us.xo.net [67.109.25.4] did not issue MAIL/EXPN/VRFY/ETRN during connection to MTA
Apr 5 12:24:19 grainservice sendmail[35223]: NOQUEUE: host133-239-dynamic.14-87-r.retail.telecomitalia.it [87.14.239.133] did not issue MAIL/EXPN/VRFY/ETRN during connection to MTA
Apr 5 12:24:20 grainservice sendmail[35227]: l35COKW35227: ruleset=check_relay, arg1=[60.10.1.165], arg2=60.10.1.165, relay=[60.10.1.165], reject=550 5.7.1 Mail from 60.10.1.165 refused by blackhole site spamhaus-rbl.core.registeredsite.com
Apr 5 12:24:24 grainservice sendmail[35227]: NOQUEUE: [60.10.1.165] did not issue MAIL/EXPN/VRFY/ETRN during connection to MTA
Apr 5 12:24:33 grainservice sendmail[35214]: NOQUEUE: [221.158.239.31] did not issue MAIL/EXPN/VRFY/ETRN during connection to MTA
Apr 5 12:24:38 grainservice sendmail[35272]: l35CObW35272: ruleset=check_relay, arg1=96.27.188.220.broad.jh.zj.dynamic.163data.com.cn, arg2=220.188.27.96, relay=96.27.188.220.broad.jh.zj.dynamic.163data.com.cn [220.188.27.96], reject=550 5.7.1 Mail from 220.188.27.96 refused by blackhole site spamhaus-rbl.core.registeredsite.com
Apr 5 12:24:38 grainservice sendmail[35272]: NOQUEUE: 96.27.188.220.broad.jh.zj.dynamic.163data.com.cn [220.188.27.96] did not issue MAIL/EXPN/VRFY/ETRN during connection to MTA
Apr 5 12:24:41 grainservice sendmail[35211]: l35CODW35211: from=, size=20697, class=0, nrcpts=1, msgid=<79db01c77785$a55578ca$39eea333@yahoo.com>, proto=SMTP, daemon=MTA, relay=adsl196-139-190-217-196.adsl196-14.iam.net.ma [196.217.190.139]
Apr 5 12:24:44 grainservice sendmail[35275]: l35COdW35275: ruleset=check_relay, arg1=[124.125.82.65], arg2=124.125.82.65, relay=[124.125.82.65], reject=550 5.7.1 Mail from 124.125.82.65 refused by blackhole site spamhaus-rbl.core.registeredsite.com
Apr 5 12:24:45 grainservice sendmail[35276]: l35CODW35211: to="|exec /usr/local/bin/procmail || exit 75", ctladdr= (1011/1011), delay=00:00:27, xdelay=00:00:04, mailer=prog, pri=50170, dsn=2.0.0, stat=Sent
Apr 5 12:24:47 grainservice sendmail[35275]: NOQUEUE: [124.125.82.65] did not issue MAIL/EXPN/VRFY/ETRN during connection to MTA
Apr 5 12:24:50 grainservice sendmail[35304]: l35COnW35304: ruleset=check_relay, arg1=[202.168.246.210], arg2=202.168.246.210, relay=[202.168.246.210], reject=550 5.7.1 Mail from 202.168.246.210 refused by blackhole site spamhaus-rbl.core.registeredsite.com
Apr 5 12:24:51 grainservice sendmail[35287]: l35COmW35287: ruleset=check_relay, arg1=[61.145.42.242], arg2=61.145.42.242, relay=[61.145.42.242], reject=550 5.7.1 Mail from 61.145.42.242 refused by blackhole site spamhaus-rbl.core.registeredsite.com
Apr 5 12:24:53 grainservice sendmail[35304]: NOQUEUE: [202.168.246.210] did not issue MAIL/EXPN/VRFY/ETRN during connection to MTA
Apr 5 12:24:55 grainservice sendmail[35312]: l35COsW35312: ruleset=check_relay, arg1=gh-homeuser-193-227-242-56.best-tel.ro, arg2=193.227.242.56, relay=gh-homeuser-193-227-242-56.best-tel.ro [193.227.242.56] (may be forged), reject=550 5.7.1 Mail from 193.227.242.56 refused by blackhole site spamhaus-rbl.core.registeredsite.com
Apr 5 12:24:55 grainservice sendmail[35312]: NOQUEUE: gh-homeuser-193-227-242-56.best-tel.ro [193.227.242.56] (may be forged) did not issue MAIL/EXPN/VRFY/ETRN during connection to MTA
Apr 5 12:24:57 grainservice sendmail[35287]: NOQUEUE: [61.145.42.242] did not issue MAIL/EXPN/VRFY/ETRN during connection to MTA
Apr 5 12:24:59 grainservice sendmail[35333]: l35COxW35333: ruleset=check_relay, arg1=[58.221.249.34], arg2=58.221.249.34, relay=[58.221.249.34], reject=550 5.7.1 Mail from 58.221.249.34 refused by blackhole site spamhaus-rbl.core.registeredsite.com
Apr 5 12:25:06 grainservice sendmail[35467]: l35CP3W35467: ruleset=check_relay, arg1=[59.61.85.146], arg2=59.61.85.146, relay=[59.61.85.146], reject=550 5.7.1 Mail from 59.61.85.146 refused by blackhole site spamhaus-rbl.core.registeredsite.com
Apr 5 12:25:07 grainservice sendmail[35465]: l35CP2W35465: ruleset=check_relay, arg1=228.25.71.125.broad.cd.sc.dynamic.163data.com.cn, arg2=125.71.25.228, relay=228.25.71.125.broad.cd.sc.dynamic.163data.com.cn [125.71.25.228] (may be forged), reject=550 5.7.1 Mail from 125.71.25.228 refused by blackhole site spamhaus-rbl.core.registeredsite.com
Apr 5 12:25:11 grainservice sendmail[35465]: NOQUEUE: 228.25.71.125.broad.cd.sc.dynamic.163data.com.cn [125.71.25.228] (may be forged) did not issue MAIL/EXPN/VRFY/ETRN during connection to MTA
Apr 5 12:25:11 grainservice sendmail[35467]: NOQUEUE: [59.61.85.146] did not issue MAIL/EXPN/VRFY/ETRN during connection to MTA
Apr 5 12:25:13 grainservice sendmail[35498]: l35CPDW35498: ruleset=check_relay, arg1=[203.167.76.133], arg2=203.167.76.133, relay=[203.167.76.133], reject=550 5.7.1 Mail from 203.167.76.133 refused by blackhole site spamhaus-rbl.core.registeredsite.com
Apr 5 12:25:14 grainservice sendmail[35498]: NOQUEUE: [203.167.76.133] did not issue MAIL/EXPN/VRFY/ETRN during connection to MTA
Apr 5 12:25:15 grainservice sendmail[35513]: l35CPFW35513: ruleset=check_relay, arg1=pool-70-105-250-124.port.east.verizon.net, arg2=70.105.250.124, relay=pool-70-105-250-124.port.east.verizon.net [70.105.250.124], reject=550 5.7.1 Mail from 70.105.250.124 refused by blackhole site spamhaus-rbl.core.registeredsite.com
Apr 5 12:25:17 grainservice sendmail[35518]: l35CPHW35518: ruleset=check_relay, arg1=220-128-249-133.HINET-IP.hinet.net, arg2=220.128.249.133, relay=220-128-249-133.HINET-IP.hinet.net [220.128.249.133], reject=550 5.7.1 Mail from 220.128.249.133 refused by blackhole site spamhaus-rbl.core.registeredsite.com
